{"id":8862,"date":"2025-09-04T10:42:32","date_gmt":"2025-09-04T13:42:32","guid":{"rendered":"https:\/\/www1.unicap.br\/observatorio2\/?page_id=8862"},"modified":"2026-03-19T09:40:35","modified_gmt":"2026-03-19T12:40:35","slug":"seminario-2025","status":"publish","type":"page","link":"https:\/\/www1.unicap.br\/observatorio2\/?page_id=8862","title":{"rendered":"Semin\u00e1rio 2025"},"content":{"rendered":"\n<p class=\"has-text-align-center\"><a href=\"https:\/\/espdialogo.wordpress.com\/\" target=\"_blank\" rel=\"noreferrer noopener\">Grupo de Pesquisa Espiritualidades Contempor\u00e2neas, Pluralidade Religiosa e Di\u00e1logo<\/a><\/p>\n\n\n\n<p class=\"has-text-align-center\"><a href=\"https:\/\/www1.unicap.br\/observatorio2\/?page_id=19\" target=\"_blank\" rel=\"noreferrer noopener\">Observat\u00f3rio Transdisciplinar das Religi\u00f5es no Recife<\/a><\/p>\n\n\n\n<p><\/p>\n\n\n\n<h2 class=\"wp-block-heading has-text-align-center\">Semin\u00e1rio 20 anos do Observat\u00f3rio<\/h2>\n\n\n\n<h2 class=\"wp-block-heading has-text-align-center\"><mark style=\"background-color:rgba(0, 0, 0, 0)\" class=\"has-inline-color has-luminous-vivid-orange-color\">\u201cC\u00e2ntico das Criaturas e m\u00edstica socioambiental\u201d<\/mark><\/h2>\n\n\n\n<p><\/p>\n\n\n\n<h2 class=\"wp-block-heading has-text-align-center\">Quinta, 9 de outubro, 9h30 \u00e0s 17h<\/h2>\n\n\n\n<p class=\"has-text-align-center\">modelo h\u00edbrido com transmiss\u00e3o desde o audit\u00f3rio do <a href=\"https:\/\/maps.app.goo.gl\/KTEK25vC3QopDsSp8\" target=\"_blank\" rel=\"noreferrer noopener\">bloco G4 da UNICAP<\/a><\/p>\n\n\n\n<p><\/p>\n\n\n<div class=\"wp-block-image\">\n<figure class=\"aligncenter size-large\"><img loading=\"lazy\" decoding=\"async\" width=\"576\" height=\"1024\" src=\"https:\/\/www1.unicap.br\/observatorio2\/wp-content\/uploads\/2025\/09\/seminario-2-576x1024.jpg\" alt=\"\" class=\"wp-image-8994\" srcset=\"https:\/\/www1.unicap.br\/observatorio2\/wp-content\/uploads\/2025\/09\/seminario-2-576x1024.jpg 576w, https:\/\/www1.unicap.br\/observatorio2\/wp-content\/uploads\/2025\/09\/seminario-2-169x300.jpg 169w, https:\/\/www1.unicap.br\/observatorio2\/wp-content\/uploads\/2025\/09\/seminario-2.jpg 720w\" sizes=\"auto, (max-width: 576px) 100vw, 576px\" \/><\/figure>\n<\/div>\n\n\n<p><\/p>\n\n\n\n<p class=\"has-text-align-right\"><strong>Veja por <a href=\"https:\/\/www1.unicap.br\/observatorio2\/?page_id=8115\" target=\"_blank\" rel=\"noreferrer noopener\">aqui<\/a> os Semin\u00e1rios anteriores&#8230;<\/strong><\/p>\n\n\n\n<p><\/p>\n\n\n\n<h2 class=\"wp-block-heading\">Apresenta\u00e7\u00e3o<\/h2>\n\n\n\n<p>H\u00e1 vinte anos promovemos na UNICAP o servi\u00e7o \u00e0 f\u00e9 esclarecida e ao di\u00e1logo inter-religioso, a uni\u00e3o das religi\u00f5es em torno da justi\u00e7a socioambiental, do respeito \u00e0 integridade da Cria\u00e7\u00e3o, junto ao desenvolvimento das ci\u00eancias, que tamb\u00e9m evoluem e reconectam as culturas humanas com a natureza e o al\u00e9m. Vamos compartilhar essas nossas pesquisas e passos em uma ciranda de saberes. <\/p>\n\n\n\n<p>O Grupo do nosso Observat\u00f3rio das Religi\u00f5es quer comemorar a sua maturidade, em 2025, reunindo antigos e novos pesquisadores que se encantaram com os estudos transdisciplinares e as suas aplica\u00e7\u00f5es transreligiosas, em um Semin\u00e1rio que, nos 800 anos do C\u00e2ntico das Criaturas, aponta para a interseccionalidade dos estudos de classe, g\u00eanero e etnias, na perspectiva de espiritualidades integrais, que relacionam o humano com o cosmos e os seus mist\u00e9rios.<\/p>\n\n\n\n<p><\/p>\n\n\n\n<h2 class=\"wp-block-heading\">Programa\u00e7\u00e3o<\/h2>\n\n\n\n<p>9h30 M\u00edstica e Partilha da &#8220;Vig\u00edlia pela Terra&#8221; &#8211; <a href=\"https:\/\/iser.org.br\/noticia\/iser-lanca-movimento-vigilias-pela-terra-rumo-a-cop-30\/\" target=\"_blank\" rel=\"noreferrer noopener\">Paulo Sampaio e Grupo ISER<\/a><\/p>\n\n\n\n<figure class=\"wp-block-image size-full is-resized\"><img loading=\"lazy\" decoding=\"async\" width=\"715\" height=\"787\" src=\"https:\/\/www1.unicap.br\/observatorio2\/wp-content\/uploads\/2025\/09\/120016974_3298302790250654_4646125086896080130_n.jpg\" alt=\"\" class=\"wp-image-8988\" style=\"width:213px;height:auto\" srcset=\"https:\/\/www1.unicap.br\/observatorio2\/wp-content\/uploads\/2025\/09\/120016974_3298302790250654_4646125086896080130_n.jpg 715w, https:\/\/www1.unicap.br\/observatorio2\/wp-content\/uploads\/2025\/09\/120016974_3298302790250654_4646125086896080130_n-273x300.jpg 273w\" sizes=\"auto, (max-width: 715px) 100vw, 715px\" \/><\/figure>\n\n\n\n<p><\/p>\n\n\n\n<p>10h Abertura: \u201cEspiritualidades e os 800 anos do C\u00e2ntico das Criaturas\u201d \u2013 <a href=\"http:\/\/lattes.cnpq.br\/9940697990059747\" target=\"_blank\" rel=\"noreferrer noopener\">Faustino dos Santos<\/a><\/p>\n\n\n\n<figure class=\"wp-block-image size-large is-resized\"><img loading=\"lazy\" decoding=\"async\" width=\"768\" height=\"1024\" src=\"https:\/\/www1.unicap.br\/observatorio2\/wp-content\/uploads\/2023\/11\/IMG_1212-768x1024.jpeg\" alt=\"\" class=\"wp-image-8028\" style=\"width:212px;height:auto\" srcset=\"https:\/\/www1.unicap.br\/observatorio2\/wp-content\/uploads\/2023\/11\/IMG_1212-768x1024.jpeg 768w, https:\/\/www1.unicap.br\/observatorio2\/wp-content\/uploads\/2023\/11\/IMG_1212-225x300.jpeg 225w, https:\/\/www1.unicap.br\/observatorio2\/wp-content\/uploads\/2023\/11\/IMG_1212-1152x1536.jpeg 1152w, https:\/\/www1.unicap.br\/observatorio2\/wp-content\/uploads\/2023\/11\/IMG_1212-1536x2048.jpeg 1536w, https:\/\/www1.unicap.br\/observatorio2\/wp-content\/uploads\/2023\/11\/IMG_1212-630x840.jpeg 630w, https:\/\/www1.unicap.br\/observatorio2\/wp-content\/uploads\/2023\/11\/IMG_1212-960x1280.jpeg 960w, https:\/\/www1.unicap.br\/observatorio2\/wp-content\/uploads\/2023\/11\/IMG_1212-scaled.jpeg 1920w\" sizes=\"auto, (max-width: 768px) 100vw, 768px\" \/><\/figure>\n\n\n\n<div class=\"wp-block-group is-layout-grid wp-container-core-group-is-layout-9649a0d9 wp-block-group-is-layout-grid\">\n<p><\/p>\n\n\n\n<p><\/p>\n<\/div>\n\n\n\n<p>11h Mesa de debate: \u201cReligi\u00f5es e educa\u00e7\u00e3o\u201d \u2013 <a href=\"http:\/\/lattes.cnpq.br\/4274497946573124\" target=\"_blank\" rel=\"noreferrer noopener\">Daniel Le\u00e3o<\/a>, <a href=\"http:\/\/lattes.cnpq.br\/7216862335180295\" target=\"_blank\" rel=\"noreferrer noopener\">Juane Alves<\/a>, <a href=\"http:\/\/lattes.cnpq.br\/4264426597280993\" target=\"_blank\" rel=\"noreferrer noopener\">Cyntia Farias<\/a><\/p>\n\n\n\n<div class=\"wp-block-group is-layout-grid wp-container-core-group-is-layout-9649a0d9 wp-block-group-is-layout-grid\">\n<figure class=\"wp-block-gallery has-nested-images columns-default is-cropped wp-block-gallery-1 is-layout-flex wp-block-gallery-is-layout-flex\">\n<figure class=\"wp-block-image size-large is-style-rounded\"><img loading=\"lazy\" decoding=\"async\" width=\"265\" height=\"385\" data-id=\"8910\" src=\"https:\/\/www1.unicap.br\/observatorio2\/wp-content\/uploads\/2025\/09\/daniel.jpg\" alt=\"\" class=\"wp-image-8910\" srcset=\"https:\/\/www1.unicap.br\/observatorio2\/wp-content\/uploads\/2025\/09\/daniel.jpg 265w, https:\/\/www1.unicap.br\/observatorio2\/wp-content\/uploads\/2025\/09\/daniel-206x300.jpg 206w\" sizes=\"auto, (max-width: 265px) 100vw, 265px\" \/><\/figure>\n<\/figure>\n\n\n\n<figure class=\"wp-block-gallery has-nested-images columns-default is-cropped wp-block-gallery-2 is-layout-flex wp-block-gallery-is-layout-flex\">\n<figure class=\"wp-block-image size-large is-style-rounded\"><img loading=\"lazy\" decoding=\"async\" width=\"576\" height=\"768\" data-id=\"8681\" src=\"https:\/\/www1.unicap.br\/observatorio2\/wp-content\/uploads\/2025\/03\/61922944_645218265984425_1122487770074316800_n.jpg\" alt=\"\" class=\"wp-image-8681\" srcset=\"https:\/\/www1.unicap.br\/observatorio2\/wp-content\/uploads\/2025\/03\/61922944_645218265984425_1122487770074316800_n.jpg 576w, https:\/\/www1.unicap.br\/observatorio2\/wp-content\/uploads\/2025\/03\/61922944_645218265984425_1122487770074316800_n-225x300.jpg 225w\" sizes=\"auto, (max-width: 576px) 100vw, 576px\" \/><\/figure>\n<\/figure>\n\n\n\n<figure class=\"wp-block-gallery has-nested-images columns-default is-cropped wp-block-gallery-3 is-layout-flex wp-block-gallery-is-layout-flex\">\n<figure class=\"wp-block-image size-large is-style-rounded\"><img loading=\"lazy\" decoding=\"async\" width=\"174\" height=\"306\" data-id=\"8911\" src=\"https:\/\/www1.unicap.br\/observatorio2\/wp-content\/uploads\/2025\/09\/Captura-de-tela-2025-09-05-212437.jpg\" alt=\"\" class=\"wp-image-8911\" srcset=\"https:\/\/www1.unicap.br\/observatorio2\/wp-content\/uploads\/2025\/09\/Captura-de-tela-2025-09-05-212437.jpg 174w, https:\/\/www1.unicap.br\/observatorio2\/wp-content\/uploads\/2025\/09\/Captura-de-tela-2025-09-05-212437-171x300.jpg 171w\" sizes=\"auto, (max-width: 174px) 100vw, 174px\" \/><\/figure>\n<\/figure>\n<\/div>\n\n\n\n<p><\/p>\n\n\n\n<p>12h Almo\u00e7o n<a href=\"https:\/\/www.instagram.com\/ovegetariano7\/\" target=\"_blank\" rel=\"noreferrer noopener\">O Vegetariano<\/a><\/p>\n\n\n\n<p>14h Palestra: \u201cG\u00eanero e religiosidades: o caso Exu-mulher\u201d \u2013 <a href=\"http:\/\/lattes.cnpq.br\/2224697793372876\" target=\"_blank\" rel=\"noreferrer noopener\">Cl\u00e1udia Alexandre<\/a><\/p>\n\n\n\n<figure class=\"wp-block-image size-full is-resized\"><img loading=\"lazy\" decoding=\"async\" width=\"568\" height=\"504\" src=\"https:\/\/www1.unicap.br\/observatorio2\/wp-content\/uploads\/2025\/09\/claudia.jpg\" alt=\"\" class=\"wp-image-8912\" style=\"width:371px;height:auto\" srcset=\"https:\/\/www1.unicap.br\/observatorio2\/wp-content\/uploads\/2025\/09\/claudia.jpg 568w, https:\/\/www1.unicap.br\/observatorio2\/wp-content\/uploads\/2025\/09\/claudia-300x266.jpg 300w, https:\/\/www1.unicap.br\/observatorio2\/wp-content\/uploads\/2025\/09\/claudia-338x300.jpg 338w\" sizes=\"auto, (max-width: 568px) 100vw, 568px\" \/><\/figure>\n\n\n\n<p><\/p>\n\n\n\n<p>15h Mesa de debate: \u201cTransdisciplinaridade, Transaberes e fronteiras da Antropologia\u201d \u2013 <a href=\"http:\/\/lattes.cnpq.br\/2791943760545079\" target=\"_blank\" rel=\"noreferrer noopener\">Gilbraz Arag\u00e3o<\/a>, <a href=\"http:\/\/lattes.cnpq.br\/0350215390387071\" target=\"_blank\" rel=\"noreferrer noopener\">Maruilson Souza<\/a>, <a href=\"http:\/\/lattes.cnpq.br\/0025167190130531\" target=\"_blank\" rel=\"noreferrer noopener\">Mailson Cabral<\/a><\/p>\n\n\n\n<div class=\"wp-block-group is-layout-grid wp-container-core-group-is-layout-9649a0d9 wp-block-group-is-layout-grid\">\n<figure class=\"wp-block-gallery has-nested-images columns-default is-cropped wp-block-gallery-4 is-layout-flex wp-block-gallery-is-layout-flex\">\n<figure class=\"wp-block-image size-large is-style-rounded\"><img loading=\"lazy\" decoding=\"async\" width=\"930\" height=\"1024\" data-id=\"8913\" src=\"https:\/\/www1.unicap.br\/observatorio2\/wp-content\/uploads\/2025\/09\/DSC1853-5-930x1024.jpg\" alt=\"\" class=\"wp-image-8913\" srcset=\"https:\/\/www1.unicap.br\/observatorio2\/wp-content\/uploads\/2025\/09\/DSC1853-5-930x1024.jpg 930w, https:\/\/www1.unicap.br\/observatorio2\/wp-content\/uploads\/2025\/09\/DSC1853-5-272x300.jpg 272w, https:\/\/www1.unicap.br\/observatorio2\/wp-content\/uploads\/2025\/09\/DSC1853-5-1395x1536.jpg 1395w, https:\/\/www1.unicap.br\/observatorio2\/wp-content\/uploads\/2025\/09\/DSC1853-5.jpg 1797w\" sizes=\"auto, (max-width: 930px) 100vw, 930px\" \/><\/figure>\n<\/figure>\n\n\n\n<figure class=\"wp-block-gallery has-nested-images columns-default is-cropped wp-block-gallery-5 is-layout-flex wp-block-gallery-is-layout-flex\">\n<figure class=\"wp-block-image size-large is-style-rounded\"><img loading=\"lazy\" decoding=\"async\" width=\"768\" height=\"1024\" data-id=\"8067\" src=\"https:\/\/www1.unicap.br\/observatorio2\/wp-content\/uploads\/2023\/11\/000_0043-768x1024.jpg\" alt=\"\" class=\"wp-image-8067\" srcset=\"https:\/\/www1.unicap.br\/observatorio2\/wp-content\/uploads\/2023\/11\/000_0043-768x1024.jpg 768w, https:\/\/www1.unicap.br\/observatorio2\/wp-content\/uploads\/2023\/11\/000_0043-225x300.jpg 225w, https:\/\/www1.unicap.br\/observatorio2\/wp-content\/uploads\/2023\/11\/000_0043-630x840.jpg 630w, https:\/\/www1.unicap.br\/observatorio2\/wp-content\/uploads\/2023\/11\/000_0043.jpg 960w\" sizes=\"auto, (max-width: 768px) 100vw, 768px\" \/><\/figure>\n<\/figure>\n\n\n\n<figure class=\"wp-block-gallery has-nested-images columns-default is-cropped wp-block-gallery-6 is-layout-flex wp-block-gallery-is-layout-flex\">\n<figure class=\"wp-block-image size-large is-style-rounded\"><img loading=\"lazy\" decoding=\"async\" width=\"787\" height=\"1024\" data-id=\"8932\" src=\"https:\/\/www1.unicap.br\/observatorio2\/wp-content\/uploads\/2025\/09\/WhatsApp-Image-2025-08-06-at-17.02.35-1-787x1024.jpeg\" alt=\"\" class=\"wp-image-8932\" srcset=\"https:\/\/www1.unicap.br\/observatorio2\/wp-content\/uploads\/2025\/09\/WhatsApp-Image-2025-08-06-at-17.02.35-1-787x1024.jpeg 787w, https:\/\/www1.unicap.br\/observatorio2\/wp-content\/uploads\/2025\/09\/WhatsApp-Image-2025-08-06-at-17.02.35-1-230x300.jpeg 230w, https:\/\/www1.unicap.br\/observatorio2\/wp-content\/uploads\/2025\/09\/WhatsApp-Image-2025-08-06-at-17.02.35-1.jpeg 1050w\" sizes=\"auto, (max-width: 787px) 100vw, 787px\" \/><\/figure>\n<\/figure>\n<\/div>\n\n\n\n<div class=\"wp-block-group\"><div class=\"wp-block-group__inner-container is-layout-constrained wp-block-group-is-layout-constrained\">\n<p><\/p>\n<\/div><\/div>\n\n\n\n<p>16h Encerramento: \u201cCrise cosmote\u00e2ndrica e espiritualidade integral\u201d \u2013 <a href=\"http:\/\/lattes.cnpq.br\/2118947389116019\" target=\"_blank\" rel=\"noreferrer noopener\">Francilaide Ronsi<\/a><\/p>\n\n\n\n<figure class=\"wp-block-image size-full is-resized\"><img loading=\"lazy\" decoding=\"async\" width=\"187\" height=\"255\" src=\"https:\/\/www1.unicap.br\/observatorio2\/wp-content\/uploads\/2025\/09\/franci-2.jpg\" alt=\"\" class=\"wp-image-8930\" style=\"width:203px;height:auto\"\/><\/figure>\n\n\n\n<p><\/p>\n\n\n\n<p><\/p>\n\n\n\n<p><\/p>\n\n\n\n<h2 class=\"wp-block-heading\">V\u00eddeo<\/h2>\n\n\n\n<figure class=\"wp-block-embed is-type-video is-provider-youtube wp-block-embed-youtube wp-embed-aspect-16-9 wp-has-aspect-ratio\"><div class=\"wp-block-embed__wrapper\">\n<iframe loading=\"lazy\" title=\"Observatorio20anos\" width=\"1000\" height=\"563\" src=\"https:\/\/www.youtube.com\/embed\/Pg2tQcKnWFY?feature=oembed\" frameborder=\"0\" allow=\"accelerometer; autoplay; clipboard-write; encrypted-media; gyroscope; picture-in-picture; web-share\" referrerpolicy=\"strict-origin-when-cross-origin\" allowfullscreen><\/iframe>\n<\/div><\/figure>\n\n\n\n<p><\/p>\n\n\n\n<h2 class=\"wp-block-heading has-text-align-right\">Livro do Semin\u00e1rio<\/h2>\n\n\n\n<p class=\"has-text-align-right\"><a href=\"https:\/\/www1.unicap.br\/observatorio2\/wp-content\/uploads\/2025\/12\/e-book-ciencias-da-religiao-2025-16-12-2025-3-1.pdf\" target=\"_blank\" rel=\"noreferrer noopener\">M\u00edsticas e justi\u00e7a socioambiental<\/a><\/p>\n\n\n\n<p><\/p>\n\n\n\n<h2 class=\"wp-block-heading\">Acesso<\/h2>\n\n\n\n<p><a href=\"https:\/\/teams.microsoft.com\/\" target=\"_blank\" rel=\"noreferrer noopener\">Microsoft Teams<\/a><\/p>\n\n\n\n<p>ID da Reuni\u00e3o:&nbsp;213 983 149 627 0 &#8211; C\u00f3digo de acesso:&nbsp;Kk3FL36N<\/p>\n\n\n\n<p><\/p>\n\n\n\n<h2 class=\"wp-block-heading\">Subs\u00eddios<\/h2>\n\n\n\n<p><a href=\"https:\/\/www1.unicap.br\/observatorio2\/wp-content\/uploads\/2025\/10\/dialogos-transd.pptx\" target=\"_blank\" rel=\"noreferrer noopener\">Apresenta\u00e7\u00e3o de Gilbraz<\/a><\/p>\n\n\n\n<p><a href=\"https:\/\/www1.unicap.br\/observatorio2\/wp-content\/uploads\/2025\/10\/EXU-MULHER-O-LIVRO-E-OS-ACHADOS-DA-PESQUISA-.pdf\" target=\"_blank\" rel=\"noreferrer noopener\">Apresenta\u00e7\u00e3o de Cl\u00e1udia<\/a><\/p>\n\n\n\n<p><a href=\"https:\/\/www1.unicap.br\/observatorio2\/wp-content\/uploads\/2023\/07\/e-book-MISTICA-E-MORTE_Espiritualidades-Transdisciplinaridade-e-Dialogo-4-1.pdf\" target=\"_blank\" rel=\"noreferrer noopener\">Livrinho sobre M\u00edstica<\/a><\/p>\n\n\n\n<p><a href=\"http:\/\/www.guaritadigital.com.br\/casaleiria\/olma\/asreligioeseanatureza\/index.html\" target=\"_blank\" rel=\"noreferrer noopener\">Livrinho sobre Natureza<\/a><\/p>\n\n\n\n<p><\/p>\n\n\n\n<h2 class=\"wp-block-heading\">Mem\u00f3ria<\/h2>\n\n\n\n<p><a href=\"https:\/\/www1.unicap.br\/observatorio2\/wp-content\/uploads\/2025\/11\/Relatoria-Seminario.pdf\" target=\"_blank\" rel=\"noreferrer noopener\">Relat\u00f3rio de Juane Alves e Cyntia Farias<\/a><\/p>\n\n\n\n<p><\/p>\n\n\n\n<p><\/p>\n\n\n\n<p><\/p>\n\n\n\n<p><\/p>\n","protected":false},"excerpt":{"rendered":"<p>Grupo de Pesquisa Espiritualidades Contempor\u00e2neas, Pluralidade Religiosa e Di\u00e1logo Observat\u00f3rio Transdisciplinar das Religi\u00f5es no Recife Semin\u00e1rio 20 anos do Observat\u00f3rio \u201cC\u00e2ntico das Criaturas e m\u00edstica socioambiental\u201d Quinta, 9 de outubro, 9h30 \u00e0s 17h modelo h\u00edbrido com transmiss\u00e3o desde o audit\u00f3rio do bloco G4 da UNICAP Veja por aqui os Semin\u00e1rios anteriores&#8230; Apresenta\u00e7\u00e3o H\u00e1 vinte anos&#8230; <\/p>\n<div class=\"link-more\"><a href=\"https:\/\/www1.unicap.br\/observatorio2\/?page_id=8862\">Leia mais<\/a><\/div>\n","protected":false},"author":2,"featured_media":0,"parent":0,"menu_order":0,"comment_status":"closed","ping_status":"closed","template":"","meta":{"footnotes":""},"class_list":["post-8862","page","type-page","status-publish","hentry"],"_links":{"self":[{"href":"https:\/\/www1.unicap.br\/observatorio2\/index.php?rest_route=\/wp\/v2\/pages\/8862","targetHints":{"allow":["GET"]}}],"collection":[{"href":"https:\/\/www1.unicap.br\/observatorio2\/index.php?rest_route=\/wp\/v2\/pages"}],"about":[{"href":"https:\/\/www1.unicap.br\/observatorio2\/index.php?rest_route=\/wp\/v2\/types\/page"}],"author":[{"embeddable":true,"href":"https:\/\/www1.unicap.br\/observatorio2\/index.php?rest_route=\/wp\/v2\/users\/2"}],"replies":[{"embeddable":true,"href":"https:\/\/www1.unicap.br\/observatorio2\/index.php?rest_route=%2Fwp%2Fv2%2Fcomments&post=8862"}],"version-history":[{"count":37,"href":"https:\/\/www1.unicap.br\/observatorio2\/index.php?rest_route=\/wp\/v2\/pages\/8862\/revisions"}],"predecessor-version":[{"id":9158,"href":"https:\/\/www1.unicap.br\/observatorio2\/index.php?rest_route=\/wp\/v2\/pages\/8862\/revisions\/9158"}],"wp:attachment":[{"href":"https:\/\/www1.unicap.br\/observatorio2\/index.php?rest_route=%2Fwp%2Fv2%2Fmedia&parent=8862"}],"curies":[{"name":"wp","href":"https:\/\/api.w.org\/{rel}","templated":true}]}}