{"id":8329,"date":"2024-10-03T13:12:12","date_gmt":"2024-10-03T16:12:12","guid":{"rendered":"https:\/\/www1.unicap.br\/observatorio2\/?page_id=8329"},"modified":"2025-02-12T08:03:11","modified_gmt":"2025-02-12T11:03:11","slug":"seminario-2024","status":"publish","type":"page","link":"https:\/\/www1.unicap.br\/observatorio2\/?page_id=8329","title":{"rendered":"Semin\u00e1rio 2024"},"content":{"rendered":"\n<h2 class=\"wp-block-heading has-text-align-center\">Grupo de Estudo Transdisciplinaridade e Di\u00e1logo<\/h2>\n\n\n\n<h2 class=\"wp-block-heading has-text-align-center\"><mark style=\"background-color:rgba(0, 0, 0, 0)\" class=\"has-inline-color has-vivid-red-color\">Estudos de Religi\u00f5es Comparadas<\/mark><\/h2>\n\n\n\n<p><\/p>\n\n\n\n<h2 class=\"wp-block-heading has-text-align-center\"><\/h2>\n\n\n<div class=\"wp-block-image\">\n<figure class=\"aligncenter size-large is-resized\"><img loading=\"lazy\" decoding=\"async\" width=\"709\" height=\"1024\" src=\"https:\/\/www1.unicap.br\/observatorio2\/wp-content\/uploads\/2024\/10\/Estudos-de-Religioes-Comparadas-5-709x1024.jpg\" alt=\"\" class=\"wp-image-8372\" style=\"width:473px;height:auto\" srcset=\"https:\/\/www1.unicap.br\/observatorio2\/wp-content\/uploads\/2024\/10\/Estudos-de-Religioes-Comparadas-5-709x1024.jpg 709w, https:\/\/www1.unicap.br\/observatorio2\/wp-content\/uploads\/2024\/10\/Estudos-de-Religioes-Comparadas-5-208x300.jpg 208w, https:\/\/www1.unicap.br\/observatorio2\/wp-content\/uploads\/2024\/10\/Estudos-de-Religioes-Comparadas-5.jpg 720w\" sizes=\"auto, (max-width: 709px) 100vw, 709px\" \/><\/figure>\n<\/div>\n\n\n<p><\/p>\n\n\n\n<h2 class=\"wp-block-heading\">Programa\u00e7\u00e3o:<\/h2>\n\n\n\n<ul class=\"wp-block-list\">\n<li><strong>10h &#8211; Abertura: A pluralidade religiosa global e nacional em quest\u00e3o: aspectos anal\u00edticos da diversidade de cren\u00e7as no mundo \u2013 Cl\u00e1udio Ribeiro (UFJF)<\/strong>\n<ul class=\"wp-block-list\">\n<li>&nbsp;FRANCO, Clarissa; RIBEIRO, Cl\u00e1udio. A pluralidade religiosa global e nacional em quest\u00e3o: aspectos anal\u00edticos da diversidade de cren\u00e7as no mundo. In: RIBEIRO, Cl\u00e1udio (Org.). O pluralismo religioso em quest\u00e3o. S\u00e3o Paulo: Pluralidades, 2024, p. 13-38.<\/li>\n<\/ul>\n<\/li>\n\n\n\n<li><strong>10h30 &#8211; A hist\u00f3ria da Hist\u00f3ria Comparada das Religi\u00f5es no mundo e no Brasil \u2013 Mailson Cabral<\/strong>\n<ul class=\"wp-block-list\">\n<li>HINNELLS, John (Ed.). The Routledge Companion to the Study of Religion, Second edition. London\/ New York, 2010.<\/li>\n\n\n\n<li>PADEN, William. Religious Worlds, The Comparative Study of Religion: With a new Preface. Boston: Beacon Press, 1994.<\/li>\n\n\n\n<li>SHARPE, Eric. Comparative Religion: A History, Second edition. London: Duckworth, 2003.<\/li>\n\n\n\n<li>CARDOSO, Ciro e VAINFAS, Ronaldo (Orgs.). Dom\u00ednios da hist\u00f3ria: ensaios de teoria e metodologia. Rio de Janeiro: Campus, 1997.<\/li>\n<\/ul>\n<\/li>\n\n\n\n<li><strong>11h &#8211; A crise da Antropologia contextual na Hist\u00f3ria das Religi\u00f5es e os novos padr\u00f5es dos modelos evolutivos da Ci\u00eancia Cognitiva \u2013 Cl\u00e1udio Tadeu<\/strong>\n<ul class=\"wp-block-list\">\n<li>FREIBERGER, Oliver. Comparison Considered:&nbsp;Some Methodological Responses. Method and Theory in the Study of Religion, vol. 32 (2020) p. 495-508.<\/li>\n\n\n\n<li>PADEN, William. New Patterns for Comparative Religion. New York: Bloomsbury Academic, 2017.<\/li>\n\n\n\n<li>DURDEN, Alexander. The Comparative Method in Religious Studies. Granite Journal, Vol. 8(1), 2023.<\/li>\n<\/ul>\n<\/li>\n\n\n\n<li><strong>11h30 \u2013 Pausa para almo\u00e7o n\u2019<a href=\"https:\/\/www.instagram.com\/ovegetariano7\/\" target=\"_blank\" rel=\"noreferrer noopener\">O Vegetariano<\/a><\/strong> <\/li>\n\n\n\n<li><strong>13h30 &#8211; Metodologia comparada no estudo da religi\u00e3o: como fazer Religi\u00e3o Comparada? \u2013 Faustino Santos, Gilbraz Arag\u00e3o, Rayane Marinho<\/strong>\n<ul class=\"wp-block-list\">\n<li>GOTHONI, Rene (Ed.). How to do Comparative Religion? Three Ways, Many Goals. Edited by Rene Gothoni. Berlim: Walter de Gruyter, 2005.<\/li>\n\n\n\n<li>FREIBERGER, Oliver. Elements of a comparative methodology in the study of religion. In: ADAMS, Maurice, VAN HOECKE, Mark (Ed.). Comparative Methods in Law, Humanities and Social Sciences. Cheltenham(UK)\/ Northampton (USA): Edward Elgar Publishing, 2021, p. 75-95.<\/li>\n<\/ul>\n<\/li>\n\n\n\n<li><strong>14h &#8211; Abordagens evolutivas, cognitivas e contextuais para o estudo de sistemas religiosos: o di\u00e1logo inter-religioso pode entrar no jogo? \u2013 Maruilson Souza<\/strong>\n<ul class=\"wp-block-list\">\n<li>LANG, Martin; KUNDT, Radek. Evolutionary, Cognitive, and Contextual Approaches to the Study of Religious Systems:&nbsp;A Proposition of Synthesis. Method and Theory in the Study of Religion 32 (2020), p. 1-46.<\/li>\n\n\n\n<li>REEH, Niels. Inter-religious Relations as a New Foundation for Comparative Religion. Method and Theory in the Study of Religion 32 (2020), p. 47\u201373.<\/li>\n<\/ul>\n<\/li>\n\n\n\n<li><strong>14h30 \u2013 Tributo: \u201cA Amer\u00edndia de Ad\u00e9lia de Carvalho e os estudos de Religi\u00e3o Comparada\u201d \u2013 Luca Pacheco; e Destaques Conclusivos da relatoria \u2013 Cyntia Farias<\/strong> <strong>e Juane Alves<\/strong><\/li>\n<\/ul>\n\n\n\n<p><\/p>\n\n\n\n<h2 class=\"wp-block-heading has-text-align-right\">Baixe o Relat\u00f3rio do Semin\u00e1rio 2024 por <a href=\"https:\/\/www1.unicap.br\/observatorio2\/wp-content\/uploads\/2024\/10\/RELATORIO-DO-SEMINARIO_completo-31-10.pdf\">aqui<\/a><\/h2>\n\n\n\n<h2 class=\"wp-block-heading has-text-align-right\">Veja o Relat\u00f3rio do Simp\u00f3sio 2023 por <a href=\"https:\/\/www1.unicap.br\/observatorio2\/wp-content\/uploads\/2023\/11\/Relatorio-Final-Simposio-sobre-Eco-Parque-das-Religioes-2.pdf\" target=\"_blank\" rel=\"noreferrer noopener\">aqui<\/a><\/h2>\n\n\n\n<p><\/p>\n\n\n\n<h2 class=\"wp-block-heading\">Subs\u00eddios:<\/h2>\n\n\n\n<ul class=\"wp-block-list\">\n<li><a href=\"https:\/\/pt.slideshare.net\/slideshow\/religiao-comparada-seminario-mailson-pptx\/272291959\" target=\"_blank\" rel=\"noreferrer noopener\">Apresenta\u00e7\u00e3o Mailson<\/a><\/li>\n\n\n\n<li><a href=\"https:\/\/pt.slideshare.net\/slideshow\/religiao-comparada-seminario-claudio-pdf\/272292005\" target=\"_blank\" rel=\"noreferrer noopener\">Apresenta\u00e7\u00e3o Cl\u00e1udio<\/a><\/li>\n\n\n\n<li><a href=\"https:\/\/pt.slideshare.net\/slideshow\/religiao-comparada-seminario-faustino-pdf\/272291898\" target=\"_blank\" rel=\"noreferrer noopener\">Apresenta\u00e7\u00e3o Faustino<\/a><\/li>\n\n\n\n<li><a href=\"https:\/\/pt.slideshare.net\/slideshow\/rascunho-estudos-de-religioes-comparadas-ppsx\/272188920\" target=\"_blank\" rel=\"noreferrer noopener\">Apresenta\u00e7\u00e3o do Resumo<\/a><\/li>\n\n\n\n<li><a href=\"https:\/\/drive.google.com\/drive\/folders\/1KqR8PHsg-z_Jo5pD4nPL9X3h5dclhsZL?usp=sharing\" target=\"_blank\" rel=\"noreferrer noopener\">Pasta de Textos<\/a><\/li>\n<\/ul>\n\n\n\n<p><\/p>\n\n\n\n<h2 class=\"wp-block-heading\">Acesso Virtual:<\/h2>\n\n\n\n<p><a href=\"https:\/\/teams.microsoft.com\">https:\/\/teams.microsoft.com<\/a><\/p>\n\n\n\n<p>ID da Reuni\u00e3o:&nbsp;223 862 630 506 &#8211; C\u00f3digo de acesso:&nbsp;ET2MXw<\/p>\n\n\n\n<p><\/p>\n\n\n\n<p><\/p>\n","protected":false},"excerpt":{"rendered":"<p>Grupo de Estudo Transdisciplinaridade e Di\u00e1logo Estudos de Religi\u00f5es Comparadas Programa\u00e7\u00e3o: Baixe o Relat\u00f3rio do Semin\u00e1rio 2024 por aqui Veja o Relat\u00f3rio do Simp\u00f3sio 2023 por aqui Subs\u00eddios: Acesso Virtual: https:\/\/teams.microsoft.com ID da Reuni\u00e3o:&nbsp;223 862 630 506 &#8211; C\u00f3digo de acesso:&nbsp;ET2MXw<\/p>\n","protected":false},"author":2,"featured_media":0,"parent":0,"menu_order":0,"comment_status":"closed","ping_status":"closed","template":"","meta":{"footnotes":""},"class_list":["post-8329","page","type-page","status-publish","hentry"],"_links":{"self":[{"href":"https:\/\/www1.unicap.br\/observatorio2\/index.php?rest_route=\/wp\/v2\/pages\/8329","targetHints":{"allow":["GET"]}}],"collection":[{"href":"https:\/\/www1.unicap.br\/observatorio2\/index.php?rest_route=\/wp\/v2\/pages"}],"about":[{"href":"https:\/\/www1.unicap.br\/observatorio2\/index.php?rest_route=\/wp\/v2\/types\/page"}],"author":[{"embeddable":true,"href":"https:\/\/www1.unicap.br\/observatorio2\/index.php?rest_route=\/wp\/v2\/users\/2"}],"replies":[{"embeddable":true,"href":"https:\/\/www1.unicap.br\/observatorio2\/index.php?rest_route=%2Fwp%2Fv2%2Fcomments&post=8329"}],"version-history":[{"count":26,"href":"https:\/\/www1.unicap.br\/observatorio2\/index.php?rest_route=\/wp\/v2\/pages\/8329\/revisions"}],"predecessor-version":[{"id":8651,"href":"https:\/\/www1.unicap.br\/observatorio2\/index.php?rest_route=\/wp\/v2\/pages\/8329\/revisions\/8651"}],"wp:attachment":[{"href":"https:\/\/www1.unicap.br\/observatorio2\/index.php?rest_route=%2Fwp%2Fv2%2Fmedia&parent=8329"}],"curies":[{"name":"wp","href":"https:\/\/api.w.org\/{rel}","templated":true}]}}