{"id":4699,"date":"2019-03-18T13:49:24","date_gmt":"2019-03-18T16:49:24","guid":{"rendered":"https:\/\/www1.unicap.br\/observatorio2\/?page_id=4699"},"modified":"2020-07-16T15:16:31","modified_gmt":"2020-07-16T18:16:31","slug":"programacao-2019","status":"publish","type":"page","link":"https:\/\/www1.unicap.br\/observatorio2\/?page_id=4699","title":{"rendered":"Programa\u00e7\u00e3o 2019"},"content":{"rendered":"<figure id=\"attachment_4113\" aria-describedby=\"caption-attachment-4113\" style=\"width: 1274px\" class=\"wp-caption alignnone\"><img loading=\"lazy\" decoding=\"async\" class=\"alignnone size-full wp-image-4113\" src=\"https:\/\/www1.unicap.br\/observatorio2\/wp-content\/uploads\/2018\/03\/28872698_2109455086008103_2832161611769184256_o.jpg\" alt=\"28872698_2109455086008103_2832161611769184256_o\" width=\"1274\" height=\"925\" srcset=\"https:\/\/www1.unicap.br\/observatorio2\/wp-content\/uploads\/2018\/03\/28872698_2109455086008103_2832161611769184256_o.jpg 1274w, https:\/\/www1.unicap.br\/observatorio2\/wp-content\/uploads\/2018\/03\/28872698_2109455086008103_2832161611769184256_o-300x218.jpg 300w, https:\/\/www1.unicap.br\/observatorio2\/wp-content\/uploads\/2018\/03\/28872698_2109455086008103_2832161611769184256_o-1024x743.jpg 1024w, https:\/\/www1.unicap.br\/observatorio2\/wp-content\/uploads\/2018\/03\/28872698_2109455086008103_2832161611769184256_o-413x300.jpg 413w\" sizes=\"auto, (max-width: 1274px) 100vw, 1274px\" \/><figcaption id=\"caption-attachment-4113\" class=\"wp-caption-text\">Acolhida da Comunidade Morada da Paz pelo Observat\u00f3rio das Religi\u00f5es<\/figcaption><\/figure>\n<p><strong>Grupo de Estudo<\/strong><\/p>\n<p>O Grupo de Estudos sobre Transdisciplinaridade e Di\u00e1logo, coordenado pelo prof. Gilbraz&nbsp;na UNICAP, re\u00fane-se desde 2005, sempre nas <strong>quartas-feiras<\/strong>, <strong>das 17 \u00e0s 18h<\/strong>, no&nbsp;Programa de P\u00f3s-gradua\u00e7\u00e3o em Ci\u00eancias da Religi\u00e3o (8\u00ba andar do bloco G4). O Grupo \u00e9 aberto \u00e0 participa\u00e7\u00e3o de pesquisadores, doutorandos, mestrandos e tamb\u00e9m a&nbsp;graduandos interessados na inicia\u00e7\u00e3o cient\u00edfica, al\u00e9m de militantes do di\u00e1logo inter-religioso. Os membros que est\u00e3o registrados no&nbsp;<a href=\"https:\/\/espdialogo.wordpress.com\/\" target=\"_blank\" rel=\"noopener noreferrer\">Grupo de Pesquisa Espiritualidades, Pluralidade e Di\u00e1logo<\/a> devem, ao menos,&nbsp;participar de 1\/3 das reuni\u00f5es e apresentar uma produ\u00e7\u00e3o acad\u00eamica qualificada anualmente.<\/p>\n<p>Nas reuni\u00f5es semanais do Grupo os participantes compartilham o andamento de suas pesquisas e depois prosseguem com o estudo de uma obra: em 2019 vamos estudar o livro <a href=\"https:\/\/www.livrariavozes.com.br\/vida-e-eternidade-nas-grandes-religioes8532659535\/p\" target=\"_blank\" rel=\"noopener noreferrer\">Vida e eternidade nas grandes religi\u00f5es<\/a>, do historiador e antrop\u00f3logo belga <a href=\"https:\/\/fr.wikipedia.org\/wiki\/Julien_Ries\" target=\"_blank\" rel=\"noopener noreferrer\">Julien Ries<\/a>. Trata-se de uma hist\u00f3ria comparada das religi\u00f5es, atrav\u00e9s da tem\u00e1tica transversal da morte e do al\u00e9m. Essa &#8220;passagem&#8221; \u00e9 a experi\u00eancia mais desafiadora da vida humana. O impacto do desaparecimento das pessoas queridas leva as sociedades a desenvolverem ritos f\u00fanebres e as tradi\u00e7\u00f5es de f\u00e9 a apontarem para o reencontro com os antepassados, para a reencarna\u00e7\u00e3o ou ressurrei\u00e7\u00e3o, para o mergulho no nada.<\/p>\n<p>Nesse livro, Julien Ries traz os mais variados ritos e teorias religiosas em torno da morte, subsidiando diacronicamente os estudiosos de religi\u00e3o e tamb\u00e9m as pessoas que se interessam pelas varia\u00e7\u00f5es culturais em torno desse assunto. N\u00f3s j\u00e1 andamos refletindo um pouco sobre esse tema instigante (veja <a href=\"https:\/\/estudosdereligiao.blogspot.com\/2010\/10\/nos-que-aqui-estamos.html\" target=\"_blank\" rel=\"noopener noreferrer\">aqui<\/a> no blog) e pretendemos concluir o estudo produzindo um material pedag\u00f3gico sobre a morte e o al\u00e9m nas tradi\u00e7\u00f5es espirituais da nossa regi\u00e3o, tendo em vista a aplica\u00e7\u00e3o das Ci\u00eancias da Religi\u00e3o nas aprendizagens cr\u00edticas do Ensino Religioso.<\/p>\n<p><span style=\"color: #ffffff;\">.<\/span><\/p>\n<p><strong>Encontros e Semin\u00e1rios<\/strong><\/p>\n<p>A equipe do Observat\u00f3rio Transdisciplinar das Religi\u00f5es no Recife est\u00e1 envolvida igualmente na anima\u00e7\u00e3o de v\u00e1rios eventos relacionados ao di\u00e1logo, em parceria com outros grupos universit\u00e1rios e de educa\u00e7\u00e3o comunit\u00e1ria:<\/p>\n<p>Dia de combate \u00e0 intoler\u00e2ncia religiosa &#8211; <strong>21 de janeiro<\/strong>, <a href=\"https:\/\/www1.unicap.br\/observatorio2\/?p=4590\" target=\"_blank\" rel=\"noopener noreferrer\">encontro e celebra\u00e7\u00e3o nos Terreiros<\/a>, Olinda.<\/p>\n<p>A reinven\u00e7\u00e3o do dem\u00f4nio &#8211; <strong>17 de fevereiro<\/strong>, participa\u00e7\u00e3o no <a href=\"https:\/\/www.facebook.com\/gilbraz.aragao\/posts\/10216138576130558\" target=\"_blank\" rel=\"noopener noreferrer\">Programa Realidades da R\u00e1dio Universit\u00e1ria<\/a>, UFPE.<\/p>\n<p>Magia e paganismo &#8211; <strong>22 de fevereiro<\/strong>, <a href=\"https:\/\/www1.unicap.br\/observatorio2\/?p=4660\" target=\"_blank\" rel=\"noopener noreferrer\">defesa da tese de Karina Oliveira<\/a> no PPGCR-UNICAP.<\/p>\n<p>Di\u00e1logo e Ensino Religioso &#8211; <strong>26 de fevereiro<\/strong>, <a href=\"https:\/\/www1.unicap.br\/observatorio2\/?p=4606\" target=\"_blank\" rel=\"noopener noreferrer\">roda de conversa sobre Diretrizes Curriculares com Gilberto Garcia<\/a> na UNICAP.<\/p>\n<p>Todos somos um &#8211; <strong>8 de mar\u00e7o<\/strong>, assessoria na <a href=\"https:\/\/www1.unicap.br\/observatorio2\/?p=4686\" target=\"_blank\" rel=\"noopener noreferrer\">Escola Popular de Justi\u00e7a Socioambiental<\/a>, em Bel\u00e9m-PA.<\/p>\n<p>Cultura, rito e incultura\u00e7\u00e3o &#8211; <strong>22 e 23 de mar\u00e7o<\/strong>, <a href=\"https:\/\/www.facebook.com\/photo.php?fbid=10216393963275077&amp;set=a.10215196663063320&amp;type=3&amp;theater\" target=\"_blank\" rel=\"noopener noreferrer\">semin\u00e1rio intensivo nos Programas dos estudos de religi\u00e3o<\/a> na UNICAP.<\/p>\n<p><span style=\"color: var(--color-neutral-600); line-height: 27.2px;\">Protagonismo feminino nas religi\u00f5es &#8211;&nbsp;<\/span><strong style=\"color: var(--color-neutral-600); line-height: 27.2px;\">26 de mar\u00e7o<\/strong><span style=\"color: var(--color-neutral-600); line-height: 27.2px;\">, 14 \u00e0s 17h mesas de <a href=\"https:\/\/www1.unicap.br\/observatorio2\/?p=4718\" target=\"_blank\" rel=\"noopener noreferrer\">debate das mulheres e sobre as mulheres nas religi\u00f5es<\/a>, no audit\u00f3rio Dom Helder da UNICAP.<\/span><\/p>\n<p>Articulando a Diversidade \u2013 <b>28 e 29 de mar\u00e7o<\/b>, participa\u00e7\u00e3o na Reuni\u00e3o Ordin\u00e1ria do&nbsp;<a href=\"https:\/\/www1.unicap.br\/observatorio2\/?p=4729\" target=\"_blank\" rel=\"noopener noreferrer\">Comit\u00ea Nacional de Respeito \u00e0 Diversidade Religiosa<\/a>, em Bras\u00edlia-DF.<\/p>\n<p>Santos negros &#8211; <strong>30 de mar\u00e7o<\/strong>, 16h visita guiada a exposi\u00e7\u00e3o no <a href=\"http:\/\/www.cultura.pe.gov.br\/pagina\/espacosculturais\/museu-de-arte-sacra-maspe\/\" target=\"_blank\" rel=\"noopener noreferrer\">Museu de Arte Sacra<\/a>&nbsp;em Olinda.<\/p>\n<p>Artes e of\u00edcios em Educa\u00e7\u00e3o Popular &#8211; <strong>8 a 12 de abril<\/strong>, participa\u00e7\u00e3o em <a href=\"https:\/\/www1.unicap.br\/observatorio2\/?p=4781\" target=\"_blank\" rel=\"noopener noreferrer\">semin\u00e1rio nacional do OLMA<\/a>, S\u00e3o Paulo-SP.<\/p>\n<p>O sagrado e o di\u00e1logo &#8211; <strong>23 de abril<\/strong>, 17 \u00e0s 19h <a href=\"https:\/\/www1.unicap.br\/observatorio2\/?p=4749\" target=\"_blank\" rel=\"noopener noreferrer\">confer\u00eancia com Jean-Jacques Wunenburger<\/a>, sala 5 do bloco G4 da UNICAP.<\/p>\n<p>Religi\u00f5es e desafios da cidade &#8211; <strong>9 de maio<\/strong>, participa\u00e7\u00e3o na <a href=\"https:\/\/www1.unicap.br\/observatorio2\/?p=4824\" target=\"_blank\" rel=\"noopener noreferrer\">semana teol\u00f3gica<\/a> da UNICAP.<\/p>\n<p>Pluralismo e Ensino Religioso &#8211; <strong>21 a 23 de maio<\/strong>, participa\u00e7\u00e3o em <a href=\"https:\/\/www1.unicap.br\/observatorio2\/?p=4862\" target=\"_blank\" rel=\"noopener noreferrer\">congresso nordestino da ABHR<\/a>, na UFPB.<\/p>\n<p>Unidade dos crist\u00e3os &#8211; <strong>5 de junho<\/strong>, participa\u00e7\u00e3o em encontro da <a href=\"https:\/\/www1.unicap.br\/observatorio2\/?p=4852\" target=\"_blank\" rel=\"noopener noreferrer\">Semana de Ora\u00e7\u00e3o pela Unidade<\/a> na UNICAP.<\/p>\n<p>Escola de di\u00e1logo &#8211; <strong>17 a 23 de junho<\/strong>, participa\u00e7\u00e3o no <a href=\"https:\/\/www1.unicap.br\/observatorio2\/?p=4909\">Interreligious Dialogue Meeting<\/a>, Roma.<\/p>\n<p>Religi\u00f5es e emancipa\u00e7\u00e3o &#8211; <strong>9 a 12 de julho<\/strong>, participa\u00e7\u00e3o do nosso GT no <a href=\"https:\/\/www1.unicap.br\/observatorio2\/?p=4937\" target=\"_blank\" rel=\"noopener noreferrer\">Congresso da SOTER<\/a> na PUCMinas.<\/p>\n<p>Articulando justi\u00e7a socioambiental &#8211; <strong>11 a 13 de setembro<\/strong>, participa\u00e7\u00e3o no conselho de <a href=\"https:\/\/www1.unicap.br\/observatorio2\/?p=4967\" target=\"_blank\" rel=\"noopener noreferrer\">coordena\u00e7\u00e3o do OLMA<\/a>, Bras\u00edlia-DF.<\/p>\n<p>Religi\u00f5es e crise socioambiental &#8211; <strong>17 a 20 de setembro<\/strong>, participa\u00e7\u00e3o do nosso GT no <a href=\"https:\/\/www1.unicap.br\/observatorio2\/?p=4984\" target=\"_blank\" rel=\"noopener noreferrer\">Congresso da ANPTECRE<\/a>&nbsp;na&nbsp;PUCRio.<\/p>\n<p>O Dom do di\u00e1logo &#8211; <strong>26 de setembro<\/strong>, participa\u00e7\u00e3o em roda de conversa na <a href=\"https:\/\/institutodomhelder.blogspot.com\/2019\/09\/para-ver-o-museu-por-dentro-e-ficar-por.html?fbclid=IwAR14wLcJOvWDgEYpvbuRp1LUdJnE9FAqmltyZyjO_vkcNeTFPmsihxE5Pto\" target=\"_blank\" rel=\"noopener noreferrer\">Primavera dos Museus na Casa de Dom Helder<\/a>, no Recife.<\/p>\n<p>Espiritualidade e di\u00e1logo &#8211; <strong>27 de outubro a 14 de dezembro<\/strong>, participa\u00e7\u00e3o no <a href=\"https:\/\/www1.unicap.br\/observatorio2\/?p=5216\" target=\"_blank\" rel=\"noopener noreferrer\">Curso de Imers\u00e3o em Espiritualidade Inaciana<\/a>, Espanha.<\/p>\n<p>Desafios e perspectivas para o di\u00e1logo &#8211; <strong>27 a 29 de outubro<\/strong>, assessoria em <a href=\"https:\/\/www.facebook.com\/photo.php?fbid=10218156801584933&amp;set=a.10216966208980862&amp;type=3&amp;theater\" target=\"_blank\" rel=\"noopener noreferrer\">encontro sobre Sagrado e Di\u00e1logo&nbsp; na Amaz\u00f4nia<\/a> na UFAM.<\/p>\n<p>Religi\u00e3o, incultura\u00e7\u00e3o e interculturalidade &#8211; <strong>31 de outubro<\/strong> 14h, apoio na <a href=\"https:\/\/estudosdereligiao.blogspot.com\/2019\/11\/reginaldo-e-inculturacao-da-liturgia.html\" target=\"_blank\" rel=\"noopener noreferrer\">palestra de Reginaldo Veloso sobre incultura\u00e7\u00e3o da liturgia<\/a>, anfiteatro do bloco G4 da UNICAP.<\/p>\n<p>Religi\u00f5es afro e pesquisas &#8211; <strong>6 de novembro<\/strong> 17h, roda de di\u00e1logo na <a href=\"https:\/\/www.facebook.com\/photo.php?fbid=10218098118797900&amp;set=a.4476439882513&amp;type=3&amp;theater\" target=\"_blank\" rel=\"noopener noreferrer\">Semana da Consci\u00eancia Negra<\/a>, audit\u00f3rio Dom Helder da UNICAP.&nbsp;<\/p>\n<p>O amor comeu minha intoler\u00e2ncia &#8211; <strong>12 de novembro<\/strong>, <a href=\"https:\/\/www1.unicap.br\/observatorio2\/?p=5139\" target=\"_blank\" rel=\"noopener noreferrer\">celebra\u00e7\u00e3o do F\u00f3rum Di\u00e1logos<\/a> da Diversidade Religiosa em Pernambuco, no Sinspire, Recife.<\/p>\n<p>Intoler\u00e2ncia religiosa no Estado Laico &#8211; <strong>13 de novembro<\/strong> 17h, participa\u00e7\u00e3o em roda de conversa na <a href=\"https:\/\/www.facebook.com\/photo.php?fbid=10218109655286305&amp;set=a.4476439882513&amp;type=1&amp;theater\" target=\"_blank\" rel=\"noopener noreferrer\">Semana da Liberdade Religiosa da OAB<\/a>, na sala 4 do bloco G4 da UNICAP.<\/p>\n<p>Ensino transreligioso &#8211; <strong>18 a 20 de novembro<\/strong>, participa\u00e7\u00e3o no <a href=\"https:\/\/doity.com.br\/xconere\/\" target=\"_blank\" rel=\"noopener noreferrer\">Congresso Nacional de Ensino Religioso<\/a> na PUCPr.<\/p>\n<p>Liberta\u00e7\u00e3o e arte &#8211; <strong>29 de novembro <\/strong>14h, apoio na <a href=\"https:\/\/www.facebook.com\/photo.php?fbid=10218323903322372&amp;set=a.10216966208980862&amp;type=3&amp;theater\" target=\"_blank\" rel=\"noopener noreferrer\">palestra da irm\u00e3 Ad\u00e9lia Carvalho sobre cultura visual no cristianismo de liberta\u00e7\u00e3o<\/a>, biblioteca da UNICAP.<\/p>\n<p>Di\u00e1logo inter-religioso e constru\u00e7\u00e3o da paz &#8211; <strong>30 de novembro <\/strong>15h, <a href=\"https:\/\/www.facebook.com\/photo.php?fbid=10218339856321187&amp;set=a.10216966208980862&amp;type=1&amp;theater\" target=\"_blank\" rel=\"noopener noreferrer\">assessoria no Encontro da Partilha<\/a>, Casa de Dom Helder no Recife.<\/p>\n<p>Espiritualidade negra &#8211; <strong>17 de dezembro<\/strong> 19h, <a href=\"https:\/\/www1.unicap.br\/observatorio2\/?p=5255\" target=\"_blank\" rel=\"noopener noreferrer\">lan\u00e7amento do livro Ter\u00e7a Negra no Recife<\/a>, no P\u00e1tio de S\u00e3o Pedro, Recife.<\/p>\n<p>Religi\u00f5es pela justi\u00e7a e paz &#8211; <strong>27 a 31 de dezembro,&nbsp;<\/strong>Encontro <a href=\"http:\/\/www.cebb.org.br\/108-horas-de-paz-2018\/\" target=\"_blank\" rel=\"noopener noreferrer\">Horas de Paz<\/a>, em Viam\u00e3o-RS.<\/p>\n<p><span style=\"color: #ffffff;\">.<\/span><\/p>\n<p><strong>Participa\u00e7\u00e3o em Comiss\u00f5es<\/strong><\/p>\n<p>O Observat\u00f3rio das Religi\u00f5es no Recife, atrav\u00e9s de representa\u00e7\u00f5es dos seus membros, participa ativamente de articula\u00e7\u00f5es e servi\u00e7os,&nbsp;nacionais e regionais,&nbsp;de promo\u00e7\u00e3o do di\u00e1logo e do ecumenismo:<\/p>\n<p>\u2013 <a href=\"https:\/\/www.mdh.gov.br\/informacao-ao-cidadao\/participacao-social\/orgaos-colegiados\/cnrdr\/comite-diversidade-religiosa\" target=\"_blank\" rel=\"noopener noreferrer\">Comit\u00ea&nbsp;de Respeito \u00e0 Diversidade Religiosa<\/a> do Minist\u00e9rio dos Direitos Humanos, que inspira o&nbsp;<a href=\"http:\/\/tvbrasil.ebc.com.br\/entreoceueaterra\" target=\"_blank\" rel=\"noopener noreferrer\">Programa de TV e WEB Entre o C\u00e9u e a Terra<\/a>, na Rede EBC. Participa\u00e7\u00e3o de Ros\u00e1lia.<\/p>\n<p>\u2013 Equipe de Reflex\u00e3o da <a href=\"http:\/\/cnbb.net.br\/category\/laicato\/\" target=\"_blank\" rel=\"noopener noreferrer\">Comiss\u00e3o Episcopal de Comunidades de Base e Crist\u00e3os Leigos da CNBB<\/a>.<\/p>\n<p>\u2013 <a href=\"http:\/\/www.arquidioceseolindarecife.org\/ecumenismo-e-dialogo-interreligioso\/\" target=\"_blank\" rel=\"noopener noreferrer\">Comiss\u00e3o de Pastoral para Ecumenismo e Di\u00e1logo Inter-religioso<\/a> da Arquidiocese de Olinda e Recife, que participa do <a href=\"https:\/\/www.facebook.com\/Programa-forma%C3%A7%C3%A3o-crist%C3%A3-radio-olinda-am-1030-287335801338846\/\">Programa de R\u00e1dio Bom Dia Universidade<\/a>, na R\u00e1dioWebUPE. Participa\u00e7\u00e3o de Artur.<\/p>\n<p>\u2013 <a href=\"https:\/\/www.facebook.com\/forumdialogos\" target=\"_blank\" rel=\"noopener noreferrer\">F\u00f3rum Di\u00e1logos <\/a>\u2013 Associa\u00e7\u00e3o civil para Promo\u00e7\u00e3o da Diversidade Religiosa em Pernambuco. Participa\u00e7\u00e3o de Karina e Tha\u00eds.<\/p>\n<p>\u2013 <a href=\"https:\/\/www.facebook.com\/observatorioODREC\/\" target=\"_blank\" rel=\"noopener noreferrer\">Observatorio de la diversidad religiosa y de las culturas en Am\u00e9rica Latina y el Caribe<\/a>.<\/p>\n<p>\u2013 <a href=\"http:\/\/olma.org.br\/\" target=\"_blank\" rel=\"noopener noreferrer\">Observat\u00f3rio Nacional de Justi\u00e7a Socioambiental Luciano Mendes de Almeida.<\/a><\/p>\n<h5>&nbsp;<\/h5>\n<h5 style=\"text-align: right;\">VEJA PROGRAMA\u00c7\u00d5ES ANTERIORES POR <a href=\"https:\/\/www1.unicap.br\/observatorio2\/?page_id=40\" target=\"_blank\" rel=\"noopener noreferrer\">AQUI<\/a>.<\/h5>\n<p><span style=\"color: #ffffff;\">..<\/span><\/p>\n\n\n<p><\/p>\n","protected":false},"excerpt":{"rendered":"<p>Grupo de Estudo O Grupo de Estudos sobre Transdisciplinaridade e Di\u00e1logo, coordenado pelo prof. Gilbraz&nbsp;na UNICAP, re\u00fane-se desde 2005, sempre nas quartas-feiras, das 17 \u00e0s 18h, no&nbsp;Programa de P\u00f3s-gradua\u00e7\u00e3o em Ci\u00eancias da Religi\u00e3o (8\u00ba andar do bloco G4). O Grupo \u00e9 aberto \u00e0 participa\u00e7\u00e3o de pesquisadores, doutorandos, mestrandos e tamb\u00e9m a&nbsp;graduandos interessados na inicia\u00e7\u00e3o cient\u00edfica,&#8230; <\/p>\n<div class=\"link-more\"><a href=\"https:\/\/www1.unicap.br\/observatorio2\/?page_id=4699\">Leia mais<\/a><\/div>\n","protected":false},"author":2,"featured_media":0,"parent":0,"menu_order":0,"comment_status":"closed","ping_status":"closed","template":"","meta":{"footnotes":""},"class_list":["post-4699","page","type-page","status-publish","hentry"],"_links":{"self":[{"href":"https:\/\/www1.unicap.br\/observatorio2\/index.php?rest_route=\/wp\/v2\/pages\/4699","targetHints":{"allow":["GET"]}}],"collection":[{"href":"https:\/\/www1.unicap.br\/observatorio2\/index.php?rest_route=\/wp\/v2\/pages"}],"about":[{"href":"https:\/\/www1.unicap.br\/observatorio2\/index.php?rest_route=\/wp\/v2\/types\/page"}],"author":[{"embeddable":true,"href":"https:\/\/www1.unicap.br\/observatorio2\/index.php?rest_route=\/wp\/v2\/users\/2"}],"replies":[{"embeddable":true,"href":"https:\/\/www1.unicap.br\/observatorio2\/index.php?rest_route=%2Fwp%2Fv2%2Fcomments&post=4699"}],"version-history":[{"count":44,"href":"https:\/\/www1.unicap.br\/observatorio2\/index.php?rest_route=\/wp\/v2\/pages\/4699\/revisions"}],"predecessor-version":[{"id":5513,"href":"https:\/\/www1.unicap.br\/observatorio2\/index.php?rest_route=\/wp\/v2\/pages\/4699\/revisions\/5513"}],"wp:attachment":[{"href":"https:\/\/www1.unicap.br\/observatorio2\/index.php?rest_route=%2Fwp%2Fv2%2Fmedia&parent=4699"}],"curies":[{"name":"wp","href":"https:\/\/api.w.org\/{rel}","templated":true}]}}