{"id":40,"date":"2011-02-07T21:24:41","date_gmt":"2011-02-07T21:24:41","guid":{"rendered":"https:\/\/www1.unicap.br\/observatorio2\/?page_id=40"},"modified":"2025-06-09T15:44:30","modified_gmt":"2025-06-09T18:44:30","slug":"grupos-de-estudos","status":"publish","type":"page","link":"https:\/\/www1.unicap.br\/observatorio2\/?page_id=40","title":{"rendered":"Estudos"},"content":{"rendered":"<p>O objetivo do Grupo de Estudos, coordenado pelo professor Gilbraz Arag\u00e3o, \u00e9 colaborar para a amplia\u00e7\u00e3o e renova\u00e7\u00e3o da racionalidade sobre o fato religioso e o di\u00e1logo entre culturas e religi\u00f5es, atrav\u00e9s da metodologia transdisciplinar. A sua l\u00f3gica do \u201cterceiro inclu\u00eddo\u201d, quando debru\u00e7ada sobre o fen\u00f4meno das religi\u00f5es e as contradi\u00e7\u00f5es que surgem do seu pluralismo, remete \u00e0 busca de um outro n\u00edvel de realidade, \u00e0quela \u201c\u00e9tica do amor\u201d, que pode religar crentes antag\u00f4nicos em uma f\u00e9 que se faz ato e permite, ainda que m\u00edstica e silenciosamente, o acesso ao \u201csagrado\u201d, entre e al\u00e9m.<\/p>\n<p>A hip\u00f3tese da pesquisa desenvolvida \u00e9 de que, na pr\u00e1xis de inclus\u00e3o desse \u201cterceiro\u201d, como esclarece a l\u00f3gica transdisciplinar, o di\u00e1logo entre as religi\u00f5es e suas contradi\u00e7\u00f5es pode encontrar seu crit\u00e9rio primeiro (no \u201coutro\u201d, exclu\u00eddo) e derradeiro (no mist\u00e9rio divino da realidade), crit\u00e9rio de vivacidade e de verifica\u00e7\u00e3o. Para comunicar e discutir as suas reflex\u00f5es nessa linha, o Grupo, que existe desde 2005, tem oferecido <a href=\"https:\/\/www1.unicap.br\/observatorio2\/?p=301\" target=\"_blank\" rel=\"noopener noreferrer\">cursos de extens\u00e3o<\/a>\u00a0e <a href=\"https:\/\/www1.unicap.br\/observatorio2\/?p=667\" target=\"_blank\" rel=\"noopener noreferrer\">semin\u00e1rios em simp\u00f3sios<\/a>, al\u00e9m de se encontrar com grupos cong\u00eaneres no <a href=\"https:\/\/espdialogo.wordpress.com\/\" target=\"_blank\" rel=\"noopener noreferrer\">Grupo de Pesquisa \u00a0Espiritualidades, Pluralidade e Di\u00e1logo<\/a>, em sess\u00f5es nos principais congressos do campo dos estudos de religi\u00e3o. E tamb\u00e9m desenvolve, claro, atividades regulares de estudo na UNICAP:<\/p>\n<h2>Grupo de Estudos sobre Transdisciplinaridade<\/h2>\n<h2>e Di\u00e1logo entre Culturas e Religi\u00f5es<\/h2>\n<p><a href=\"https:\/\/www1.unicap.br\/observatorio2\/wp-content\/uploads\/2019\/01\/10153674_823853067673450_8594688902749997931_n.jpg\"><img loading=\"lazy\" decoding=\"async\" class=\"aligncenter size-full wp-image-4577\" src=\"https:\/\/www1.unicap.br\/observatorio2\/wp-content\/uploads\/2019\/01\/10153674_823853067673450_8594688902749997931_n.jpg\" alt=\"\" width=\"643\" height=\"445\" srcset=\"https:\/\/www1.unicap.br\/observatorio2\/wp-content\/uploads\/2019\/01\/10153674_823853067673450_8594688902749997931_n.jpg 643w, https:\/\/www1.unicap.br\/observatorio2\/wp-content\/uploads\/2019\/01\/10153674_823853067673450_8594688902749997931_n-300x208.jpg 300w, https:\/\/www1.unicap.br\/observatorio2\/wp-content\/uploads\/2019\/01\/10153674_823853067673450_8594688902749997931_n-433x300.jpg 433w\" sizes=\"auto, (max-width: 643px) 100vw, 643px\" \/><\/a><\/p>\n<p><span style=\"color: #ffffff;\">\u00a0&#8230;<\/span><\/p>\n<p>ENCONTROS PESSOAIS COM O COORDENADOR<\/p>\n<p>No gabinete E1 do 8\u00ba andar do bloco G4 da UNICAP. Nas ter\u00e7as-feiras, das 15 \u00e0s 18 horas.<\/p>\n<p>Temos v\u00e1rios\u00a0mestrandos e doutorandos em Ci\u00eancias da Religi\u00e3o envolvidos na\u00a0pesquisa \u201cTransdisciplinar\u00a0e transreligioso: a l\u00f3gica do Terceiro Inclu\u00eddo e a metodologia do di\u00e1logo intercultural e inter-religioso\u201d. Junto com eles e com os graduandos de Inicia\u00e7\u00e3o Cient\u00edfica, os quinze participantes do Grupo de Estudos s\u00e3o convidados \u00e0 partilha das suas inquieta\u00e7\u00f5es, leituras e descobertas, de maneira personalizada, com o coordenador. Tais encontros visam a uma maior adequa\u00e7\u00e3o dos estudos aos interesses e capacidades pessoais dos interessados, bem como \u00e0 reparti\u00e7\u00e3o equitativa de tarefas complementares na constru\u00e7\u00e3o de um saber coletivo. Por meio desses encontros s\u00e3o feitas propostas de estudo da bibliografia e se realiza o acompanhamento desse processo.<\/p>\n<p>REUNI\u00d5ES PRESENCIAIS DO GRUPO<\/p>\n<p>No Laborat\u00f3rio do Programa de P\u00f3s-gradua\u00e7\u00e3o em Ci\u00eancias da Religi\u00e3o da UNICAP (8\u00ba andar do bloco G4). Nas quartas-feiras, das 17 \u00e0s 18 horas.<\/p>\n<p>Os encontros presencias visam o debate dos estudos e pesquisas realizados a partir da bibwebliografia partilhada sobre o tema, seguindo a seguinte din\u00e2mica: exposi\u00e7\u00e3o introdut\u00f3ria e contextualizadora do professor; partilha das leituras\/experi\u00eancias realizadas pelo grupo de estudantes\/pesquisadores; e debate avaliativo e provocativo. A tem\u00e1tica se distribui em assuntos subsequentes nesta ordem: uma viagem entre religi\u00e3o e ci\u00eancia, teologias e f\u00edsica; resgate do m\u00e9todo cient\u00edfico transdisciplinar (f\u00edsica e n\u00edveis da realidade, teoria da complexidade, l\u00f3gica do terceiro inclu\u00eddo); modo de usar a transdisciplinaridade nas teologias (l\u00f3gica formal e di\u00e1logo nas tradi\u00e7\u00f5es religiosas, metodologia transdisciplinar e atitude transreligiosa, transdisciplinaridade e metodologia teol\u00f3gica); sobre os santos e os orix\u00e1s, pontes entre religi\u00e3o e cultura no Recife. Veja refer\u00eancias para o estudo da transdisciplinaridade por <a href=\"https:\/\/www1.unicap.br\/observatorio2\/wp-content\/uploads\/2020\/06\/Transdisciplinaridade-bibliografia.pdf\" target=\"_blank\" rel=\"noopener noreferrer\">aqui<\/a>.<\/p>\n<p>REUNI\u00d5ES VIRTUAIS NA INTERNET<\/p>\n<p>Pela Sala de bate-papo do Grupo no Teleduc\/UNICAP.\u00a0Mensalmente, nos primeiros s\u00e1bados de cada m\u00eas, das 21 \u00e0s 22 horas.<\/p>\n<p>O nosso grupo desenvolve um ambiente virtual de estudo no Teleduc, que \u00e9 um sistema de salas de aula virtuais utilizado, entre outras, pela Universidade Cat\u00f3lica de Pernambuco. Atrav\u00e9s deste sistema, em regime de parceria e coopera\u00e7\u00e3o com todos os envolvidos, \u00e9 poss\u00edvel publicar documentos, compartilhar materiais did\u00e1ticos e agendar atividades com estudantes e pesquisadores, criando uma extens\u00e3o dos encontros presenciais na Web. A sala virtual do grupo est\u00e1 ativa e interativa por <a href=\"http:\/\/ead.unicap.br\/~teleduc\/\" target=\"_blank\" rel=\"noopener noreferrer\">aqui.<br \/>\n<\/a><\/p>\n<p>TEXTO DE REFER\u00caNCIA<\/p>\n<p>Para os interessados em participar das atividades do Grupo de Estudos, sugerimos a leitura pr\u00e9via do artigo &#8220;Teologia, transdisciplinaridade e f\u00edsica: uma\u00a0nova l\u00f3gica para o di\u00e1logo inter-religioso&#8221;.<\/p>\n<p>Resumo: demarcamos no artigo os pressupostos epistemol\u00f3gicos para uma teologia do di\u00e1logo inter-religioso, que pretendemos esbo\u00e7ar em parceria cr\u00edtica com o nosso Grupo de estudos e pesquisas. Ela dever\u00e1 ser fecundada pela teoria da complexidade \u2013 que vem sendo desenvolvida por Basarab Nicolescu e o seu Centro Internacional de Pesquisas Transdisciplinares. Apresentamos aqui a sua \u201cl\u00f3gica do Terceiro Inclu\u00eddo\u201d e buscamos o modo de usar a transdisciplinaridade na teologia e no seu aporte ao di\u00e1logo entre as culturas e as religi\u00f5es.\u00a0 Baixe o texto por <a href=\"https:\/\/www1.unicap.br\/observatorio2\/wp-content\/uploads\/2011\/02\/sobre-TEOLOGIA-transdisciplinaridade-e-f\u00edsica.pdf\" target=\"_blank\" rel=\"noopener noreferrer\">aqui<\/a>.<\/p>\n<h5><\/h5>\n<h5 style=\"text-align: right;\">Programa\u00e7\u00f5es<\/h5>\n<h5 style=\"text-align: right;\"><a href=\"https:\/\/www1.unicap.br\/observatorio2\/?page_id=1719\" target=\"_blank\" rel=\"noopener noreferrer\">Programa\u00e7\u00e3o 2015<\/a><\/h5>\n<h5 style=\"text-align: right;\"><a href=\"https:\/\/www1.unicap.br\/observatorio2\/?page_id=2232\" target=\"_blank\" rel=\"noopener noreferrer\">Programa\u00e7\u00e3o 2015.2<\/a><\/h5>\n<h5 style=\"text-align: right;\"><a href=\"https:\/\/www1.unicap.br\/observatorio2\/?page_id=2550\" target=\"_blank\" rel=\"noopener noreferrer\">Programa\u00e7\u00e3o 2016<\/a><\/h5>\n<h5 style=\"text-align: right;\"><a href=\"https:\/\/www1.unicap.br\/observatorio2\/?page_id=2906\" target=\"_blank\" rel=\"noopener noreferrer\">Programa\u00e7\u00e3o 2016.2<\/a><\/h5>\n<h5 style=\"text-align: right;\"><a href=\"https:\/\/www1.unicap.br\/observatorio2\/?page_id=3164\" target=\"_blank\" rel=\"noopener noreferrer\">Programa\u00e7\u00e3o 2017<\/a><\/h5>\n<h5 style=\"text-align: right;\"><a href=\"https:\/\/www1.unicap.br\/observatorio2\/?page_id=3398\" target=\"_blank\" rel=\"noopener noreferrer\">Programa\u00e7\u00e3o 2017.2<\/a><\/h5>\n<h5 style=\"text-align: right;\"><a href=\"https:\/\/www1.unicap.br\/observatorio2\/?page_id=4124\" target=\"_blank\" rel=\"noopener noreferrer\">Programa\u00e7\u00e3o 2018<\/a><\/h5>\n<h5 style=\"text-align: right;\"><a href=\"https:\/\/www1.unicap.br\/observatorio2\/?page_id=4699\" target=\"_blank\" rel=\"noopener noreferrer\">Programa\u00e7\u00e3o 2019<\/a><\/h5>\n<h5 style=\"text-align: right;\"><a href=\"https:\/\/www1.unicap.br\/observatorio2\/?page_id=5512\" target=\"_blank\" rel=\"noopener\">Programa\u00e7\u00e3o 2020<\/a><\/h5>\n<h5 style=\"text-align: right;\"><a href=\"https:\/\/www1.unicap.br\/observatorio2\/?page_id=5870\" target=\"_blank\" rel=\"noopener\">Programa\u00e7\u00e3o 2021<\/a><\/h5>\n<h5 style=\"text-align: right;\"><a href=\"https:\/\/www1.unicap.br\/observatorio2\/?page_id=6707\" target=\"_blank\" rel=\"noopener\">Programa\u00e7\u00e3o 2022<\/a><\/h5>\n<h5 style=\"text-align: right;\"><a href=\"https:\/\/www1.unicap.br\/observatorio2\/?page_id=7520\" target=\"_blank\" rel=\"noopener\">Programa\u00e7\u00e3o 2023<\/a><\/h5>\n<h5 style=\"text-align: right;\"><a href=\"https:\/\/www1.unicap.br\/observatorio2\/?page_id=8228\" target=\"_blank\" rel=\"noopener\">Programa\u00e7\u00e3o 2024<\/a><\/h5>\n<p><span style=\"color: #ffffff;\">..<\/span><\/p>\n<p><span style=\"color: #ffffff;\">..<\/span><\/p>\n","protected":false},"excerpt":{"rendered":"<p>O objetivo do Grupo de Estudos, coordenado pelo professor Gilbraz Arag\u00e3o, \u00e9 colaborar para a amplia\u00e7\u00e3o e renova\u00e7\u00e3o da racionalidade sobre o fato religioso e o di\u00e1logo entre culturas e religi\u00f5es, atrav\u00e9s da metodologia transdisciplinar. A sua l\u00f3gica do \u201cterceiro inclu\u00eddo\u201d, quando debru\u00e7ada sobre o fen\u00f4meno das religi\u00f5es e as contradi\u00e7\u00f5es que surgem do seu&#8230; <\/p>\n<div class=\"link-more\"><a href=\"https:\/\/www1.unicap.br\/observatorio2\/?page_id=40\">Leia mais<\/a><\/div>\n","protected":false},"author":2,"featured_media":0,"parent":0,"menu_order":9,"comment_status":"closed","ping_status":"closed","template":"","meta":{"footnotes":""},"class_list":["post-40","page","type-page","status-publish","hentry"],"_links":{"self":[{"href":"https:\/\/www1.unicap.br\/observatorio2\/index.php?rest_route=\/wp\/v2\/pages\/40","targetHints":{"allow":["GET"]}}],"collection":[{"href":"https:\/\/www1.unicap.br\/observatorio2\/index.php?rest_route=\/wp\/v2\/pages"}],"about":[{"href":"https:\/\/www1.unicap.br\/observatorio2\/index.php?rest_route=\/wp\/v2\/types\/page"}],"author":[{"embeddable":true,"href":"https:\/\/www1.unicap.br\/observatorio2\/index.php?rest_route=\/wp\/v2\/users\/2"}],"replies":[{"embeddable":true,"href":"https:\/\/www1.unicap.br\/observatorio2\/index.php?rest_route=%2Fwp%2Fv2%2Fcomments&post=40"}],"version-history":[{"count":62,"href":"https:\/\/www1.unicap.br\/observatorio2\/index.php?rest_route=\/wp\/v2\/pages\/40\/revisions"}],"predecessor-version":[{"id":8803,"href":"https:\/\/www1.unicap.br\/observatorio2\/index.php?rest_route=\/wp\/v2\/pages\/40\/revisions\/8803"}],"wp:attachment":[{"href":"https:\/\/www1.unicap.br\/observatorio2\/index.php?rest_route=%2Fwp%2Fv2%2Fmedia&parent=40"}],"curies":[{"name":"wp","href":"https:\/\/api.w.org\/{rel}","templated":true}]}}