{"id":223,"date":"2011-04-11T01:52:53","date_gmt":"2011-04-11T01:52:53","guid":{"rendered":"https:\/\/www1.unicap.br\/observatorio2\/?page_id=223"},"modified":"2013-07-17T05:45:47","modified_gmt":"2013-07-17T08:45:47","slug":"xango","status":"publish","type":"page","link":"https:\/\/www1.unicap.br\/observatorio2\/?page_id=223","title":{"rendered":"Xang\u00f4"},"content":{"rendered":"<p><iframe loading=\"lazy\" src=\"\/\/www.youtube.com\/embed\/ikwDT6iMNrk?rel=0\" height=\"360\" width=\"480\" allowfullscreen=\"\" frameborder=\"0\"><\/iframe><\/p>\n<p>&nbsp;<\/p>\n<p><strong><a href=\"https:\/\/www1.unicap.br\/observatorio\/flv\/candonble.htm\">C<\/a>andombl\u00e9 &#8211; Xang\u00f4<\/strong><\/p>\n<p>&nbsp;<\/p>\n<p>Xang\u00f4 \u00e9 a designa\u00e7\u00e3o gen\u00e9rica do territ\u00f3rio onde se processam as cerim\u00f4nias religiosas de Candombl\u00e9, de Alagoas ao Rio Grande do Norte . \u00c9 tamb\u00e9m nome de\u00a0um orix\u00e1 ou santo\/divindade dos raios e trov\u00f5es, personagem central de v\u00e1rios mitos her\u00f3icos yorubanos. \u00c9, enfim, o nome da religi\u00e3o afro na regi\u00e3o.<\/p>\n<p>&nbsp;<\/p>\n<p><strong>Terreiros de Candombl\u00e9 em Pernambuco<\/strong><\/p>\n<p>&nbsp;<\/p>\n<p><strong>Sociedade Cultural e Religiosa Ogun e Oya<\/strong>. r. Trinta e Dois, 149. Parque Capibaribe, S\u00e3o Louren\u00e7o da Mata \u2013 PE. E-mail: agbeede@yahoo.om.br<\/p>\n<p><strong>Yl\u00ea Ax\u00e9 Xang\u00f4 Ayr\u00e1.<\/strong> Rua Santa Tereza, 199. Santa Tereza, Paudalho \u2013 PE. E-mail: xangoayra@yahoo.com.br<\/p>\n<p><strong>Il\u00ea Azansu Rump\u00e1 Toloji.<\/strong> Rua 87, n\u00b0 86. Maranguape I, Paulista-PE. E-mail: santoseandrade@hotmail.com<\/p>\n<p><strong>Ile Axe Olojuife Olisa Makatunam.<\/strong> Rua Anguereta, 440. Casa Amarela. Recife-PE. E-mail: gilmar_sobral@hotmail.com<\/p>\n<p>&nbsp;<\/p>\n<p style=\"text-align: right;\">Veja tamb\u00e9m os v\u00eddeos dos Guardi\u00f5es do Ax\u00e9 por <a href=\"http:\/\/youtu.be\/ljcuPZP00iY\" target=\"_blank\">aqui<\/a>.<\/p>\n<p>&nbsp;<\/p>\n","protected":false},"excerpt":{"rendered":"<p>&nbsp; Candombl\u00e9 &#8211; Xang\u00f4 &nbsp; Xang\u00f4 \u00e9 a designa\u00e7\u00e3o gen\u00e9rica do territ\u00f3rio onde se processam as cerim\u00f4nias religiosas de Candombl\u00e9, de Alagoas ao Rio Grande do Norte . \u00c9 tamb\u00e9m nome de\u00a0um orix\u00e1 ou santo\/divindade dos raios e trov\u00f5es, personagem central de v\u00e1rios mitos her\u00f3icos yorubanos. \u00c9, enfim, o nome da religi\u00e3o afro na regi\u00e3o&#8230;. <\/p>\n<div class=\"link-more\"><a href=\"https:\/\/www1.unicap.br\/observatorio2\/?page_id=223\">Leia mais<\/a><\/div>\n","protected":false},"author":2,"featured_media":0,"parent":34,"menu_order":0,"comment_status":"open","ping_status":"open","template":"","meta":{"footnotes":""},"class_list":["post-223","page","type-page","status-publish","hentry"],"_links":{"self":[{"href":"https:\/\/www1.unicap.br\/observatorio2\/index.php?rest_route=\/wp\/v2\/pages\/223","targetHints":{"allow":["GET"]}}],"collection":[{"href":"https:\/\/www1.unicap.br\/observatorio2\/index.php?rest_route=\/wp\/v2\/pages"}],"about":[{"href":"https:\/\/www1.unicap.br\/observatorio2\/index.php?rest_route=\/wp\/v2\/types\/page"}],"author":[{"embeddable":true,"href":"https:\/\/www1.unicap.br\/observatorio2\/index.php?rest_route=\/wp\/v2\/users\/2"}],"replies":[{"embeddable":true,"href":"https:\/\/www1.unicap.br\/observatorio2\/index.php?rest_route=%2Fwp%2Fv2%2Fcomments&post=223"}],"version-history":[{"count":8,"href":"https:\/\/www1.unicap.br\/observatorio2\/index.php?rest_route=\/wp\/v2\/pages\/223\/revisions"}],"predecessor-version":[{"id":346,"href":"https:\/\/www1.unicap.br\/observatorio2\/index.php?rest_route=\/wp\/v2\/pages\/223\/revisions\/346"}],"up":[{"embeddable":true,"href":"https:\/\/www1.unicap.br\/observatorio2\/index.php?rest_route=\/wp\/v2\/pages\/34"}],"wp:attachment":[{"href":"https:\/\/www1.unicap.br\/observatorio2\/index.php?rest_route=%2Fwp%2Fv2%2Fmedia&parent=223"}],"curies":[{"name":"wp","href":"https:\/\/api.w.org\/{rel}","templated":true}]}}