{"id":193,"date":"2011-04-11T01:39:28","date_gmt":"2011-04-11T01:39:28","guid":{"rendered":"https:\/\/www1.unicap.br\/observatorio2\/?page_id=193"},"modified":"2013-07-17T04:38:55","modified_gmt":"2013-07-17T07:38:55","slug":"muculmanos","status":"publish","type":"page","link":"https:\/\/www1.unicap.br\/observatorio2\/?page_id=193","title":{"rendered":"Mu\u00e7ulmanos"},"content":{"rendered":"<p><iframe loading=\"lazy\" src=\"\/\/www.youtube.com\/embed\/XlJ_Mf2VH_I?rel=0\" height=\"360\" width=\"480\" allowfullscreen=\"\" frameborder=\"0\"><\/iframe><\/p>\n<p>&nbsp;<\/p>\n<p>O ISLAMISMO<\/p>\n<p>O islamismo tem a sua origem derivada da palavra isl\u00e3 que na l\u00edngua \u00e1rabe significa submiss\u00e3o, obedi\u00eancia. A religi\u00e3o isl\u00e2mica consequentemente \u00e9 uma das poucas religi\u00f5es que n\u00e3o traz na origem do seu nome, o do seu fundador ou do lugar de origem do povo que a professa. Diferentemente do cristianismo, budismo, zoroastrismo que trazem a marca do seu fundador no nome da cren\u00e7a (Jesus Cristo, Buda, Zoroastro), ou o nome da tribo de origem no caso do Juda\u00edsmo (tribo de jud\u00e1), o islamismo goza da particularidade de n\u00e3o estar associada a nenhum homem ou povo em particular. Segundo os mu\u00e7ulmanos, a palavra isl\u00e3 n\u00e3o implica rela\u00e7\u00e3o desta natureza porque n\u00e3o \u00e9 propriedade de nenhuma pessoa, nem nenhum povo ou pa\u00eds em particular. Portanto, \u00e9 uma religi\u00e3o de car\u00e1ter universalista que tem como escopo suscitar e cultivar no homem da atualidade, a atitude de obedi\u00eancia aos preceitos e valores \u00e9ticos de seu livro sagrado denominado de Alcor\u00e3o.<\/p>\n<p>\u00c9 fundamental na teologia isl\u00e2mica o monote\u00edsmo. A proclama\u00e7\u00e3o de f\u00e9 de que \u201co \u00fanico Deus \u00e9 Allah e Mohammad o seu profeta\u201d (Ashahadda) \u00e9 a senha para se tornar mu\u00e7ulmano. Basta proclam\u00e1-la para se tornar mu\u00e7ulmano. A primeira parte da profiss\u00e3o de f\u00e9 isl\u00e2mica \u201cs\u00f3 Deus \u00e9 Deus\u201d, \u00e9 o movimento do homem para o divino, do exterior para o interior. Distingue o Real (Deus) de tudo o que \u00e9 irreal, isto \u00e9, de tudo o que \u00e9 visto ou concebido fora de sua rela\u00e7\u00e3o com Deus. A segunda parte da profiss\u00e3o de f\u00e9, \u201cMohammad \u00e9 seu profeta\u201d se caracteriza como um movimento de rea\u00e7\u00e3o de Deus para os homens mediante seu mensageiro Mohammad.<\/p>\n<p>A f\u00e9 isl\u00e2mica \u00e9 relativamente simples. N\u00e3o existem sacramentos no sistema de culto apresentado por Mohammad. Existem sim, pr\u00e1ticas ou deveres religiosos de car\u00e1ter compuls\u00f3rio. Os cinco pilares do isl\u00e3 s\u00e3o: a) a recita\u00e7\u00e3o da profiss\u00e3o de f\u00e9 (Ashahadda); b) as ora\u00e7\u00f5es obrigat\u00f3rias (assal\u00e1t); c) o interesse pelos necessitados (Zakat); d) as pr\u00e1ticas de auto-purifica\u00e7\u00e3o do jejum (assaum); e) a peregrina\u00e7\u00e3o \u00e0 Meca para aqueles que tiverem posses (Al Hajj).<\/p>\n<p>A cren\u00e7a isl\u00e2mica est\u00e1 edificada sobre tr\u00eas par\u00e2metros fundamentais: a) A cren\u00e7a no Deus Uno e \u00danico, isento de atributos das criaturas e caracterizado pela perfei\u00e7\u00e3o absoluta; b) a cren\u00e7a na revela\u00e7\u00e3o (wahi), na profecia (nubuwa), na lideran\u00e7a (immah), juntamente com a cren\u00e7a em todos os profetas e mensagens, de Ad\u00e3o, passando por Jesus e terminado em Mohammad; c) cren\u00e7a em uma vida ap\u00f3s a morte, na d\u00e1diva divina, no Para\u00edso eterno e tamb\u00e9m no castigo eterno, o inferno.<\/p>\n<p>O livro sagrado dos mu\u00e7ulmanos denominado Alcor\u00e3o \u00e9 dividido em 114 Suratas (cap\u00edtulos) e \u00e9 formado de um total de 6.342 vers\u00edculos. Considera-se que 92 cap\u00edtulos foram revelados ao profeta em Meca e 22 cap\u00edtulos em Medina. Os cap\u00edtulos est\u00e3o dispostos aproximadamente de conformidade com o seu tamanho e n\u00e3o de conformidade com a ordem cronol\u00f3gica da Revela\u00e7\u00e3o. Os cap\u00edtulos revelados em Meca consistem de senten\u00e7as curtas, cheias de entusiasmo, po\u00e9ticas e resplandecentes. Eles relatam um Deus todo misericordioso, denuncia a adora\u00e7\u00e3o de \u00eddolos, promete a recompensa aos justos e adverte os pecadores sobre a puni\u00e7\u00e3o infernal para aqueles que n\u00e3o cumprirem a lei. Os cap\u00edtulos de Medina, por outro lado, s\u00e3o extensos, abordam aspectos ritual\u00edsticos do Isl\u00e3, jejum, peregrina\u00e7\u00e3o e estabelecem leis penais, morais e pol\u00edticas. Como \u00e9 o caso da maioria dos livros sagrados que comp\u00f5em o cen\u00e1rio religioso mundial, o Alcor\u00e3o n\u00e3o foi escrito por Mohammad, j\u00e1 que ele n\u00e3o sabia ler e escrever. Mohammad pregava suas id\u00e9ias ao sabor da inspira\u00e7\u00e3o e das situa\u00e7\u00f5es vividas no momento.<\/p>\n<p>O Alcor\u00e3o \u00e9 fruto de uma tradi\u00e7\u00e3o oral em que os seguidores de Mohammad retinham de mem\u00f3ria as que lhes eram transmitidas ou escreviam em materiais dispon\u00edveis da \u00e9poca como peles de cabra, omoplatas de camelo, pedras e pergaminhos. Ap\u00f3s a morte do profeta, o seu sucessor, o califa Abu Baker, receando que as mensagens do profeta se perdessem com o desaparecimento dos primeiros companheiros e as flutua\u00e7\u00f5es dos textos memorizados, convocou Zaid Ibn Th\u00e1bit, que era um dos escribas do profeta, para que se responsabilizasse por essa tarefa. Sabendo da responsabilidade da miss\u00e3o a ele confiada, n\u00e3o aceitava qualquer vers\u00edculo (aya) como verdadeiro, somente ap\u00f3s a confirma\u00e7\u00e3o de duas pessoas terem ouvido tal aya do profeta. Assim, ocorreu a primeira compila\u00e7\u00e3o.<\/p>\n<p>\u00c9 importante registrar que o Alcor\u00e3o, para a ortodoxia isl\u00e2mica, s\u00f3 pode ser recitado na l\u00edngua \u00e1rabe, j\u00e1 que, segundo os dirigentes isl\u00e2micos, ningu\u00e9m consegue dar a eloqu\u00eancia, a musicalidade e as rimas do texto original. A vers\u00e3o na l\u00edngua nativa traz o que cada vers\u00edculo significa, mas n\u00e3o \u00e9 a mesma coisa que o original, j\u00e1 que as palavras \u00e1rabes admitem mais do que uma tradu\u00e7\u00e3o e \u00e9 poss\u00edvel tirar outros significados dos vers\u00edculos.<\/p>\n<p>O isl\u00e3 rejeita quaisquer atentados terroristas que atingem inocentes, n\u00e3o importando a que religi\u00e3o, ra\u00e7\u00e3o, ideologia pol\u00edtica que eles perten\u00e7am. Qualquer atentado promovido por grupos denominados mu\u00e7ulmanos, o Isl\u00e3 est\u00e1 isento daqueles criminosos j\u00e1 que eles somente a si representam. A mensagem do isl\u00e3 \u00e9 de paz, de proteger as pessoas, impedindo o derramamento de sangue seja por qual interesse for. A mensagem do isl\u00e3 \u00e9 a reforma da humanidade, manuten\u00e7\u00e3o dos valores \u00e9ticos, instaura\u00e7\u00e3o do monote\u00edsmo puro e o respeito aos direitos humanos. Tudo o que for contr\u00e1rio a esses interesses n\u00e3o representa o Isl\u00e3.<\/p>\n<p>No Isl\u00e3, a palavra paz \u00e9 um dos Noventa e Nove Nomes de Deus. Para os mu\u00e7ulmanos o pr\u00f3prio Alcor\u00e3o \u00e9 a paz (Surata 97,5). Os mu\u00e7ulmanos acreditam que a sauda\u00e7\u00e3o da paz \u00e9 o cumprimento com que s\u00e3o recebidos os bem aventurados quando entram no para\u00edso.<\/p>\n<p>Centro Isl\u00e2mico do Recife<br \/>\nRua da Gl\u00f3ria, 353 &#8211; Boa Vista, CEP: 50060-280, Recife \u2013 PE<br \/>\nTel\/Fax: (81) 3423-1393<br \/>\nE-Mail: emailcir@ig.com.br<\/p>\n","protected":false},"excerpt":{"rendered":"<p>&nbsp; O ISLAMISMO O islamismo tem a sua origem derivada da palavra isl\u00e3 que na l\u00edngua \u00e1rabe significa submiss\u00e3o, obedi\u00eancia. A religi\u00e3o isl\u00e2mica consequentemente \u00e9 uma das poucas religi\u00f5es que n\u00e3o traz na origem do seu nome, o do seu fundador ou do lugar de origem do povo que a professa. Diferentemente do cristianismo, budismo,&#8230; <\/p>\n<div class=\"link-more\"><a href=\"https:\/\/www1.unicap.br\/observatorio2\/?page_id=193\">Leia mais<\/a><\/div>\n","protected":false},"author":2,"featured_media":0,"parent":34,"menu_order":0,"comment_status":"open","ping_status":"open","template":"","meta":{"footnotes":""},"class_list":["post-193","page","type-page","status-publish","hentry"],"_links":{"self":[{"href":"https:\/\/www1.unicap.br\/observatorio2\/index.php?rest_route=\/wp\/v2\/pages\/193","targetHints":{"allow":["GET"]}}],"collection":[{"href":"https:\/\/www1.unicap.br\/observatorio2\/index.php?rest_route=\/wp\/v2\/pages"}],"about":[{"href":"https:\/\/www1.unicap.br\/observatorio2\/index.php?rest_route=\/wp\/v2\/types\/page"}],"author":[{"embeddable":true,"href":"https:\/\/www1.unicap.br\/observatorio2\/index.php?rest_route=\/wp\/v2\/users\/2"}],"replies":[{"embeddable":true,"href":"https:\/\/www1.unicap.br\/observatorio2\/index.php?rest_route=%2Fwp%2Fv2%2Fcomments&post=193"}],"version-history":[{"count":4,"href":"https:\/\/www1.unicap.br\/observatorio2\/index.php?rest_route=\/wp\/v2\/pages\/193\/revisions"}],"predecessor-version":[{"id":351,"href":"https:\/\/www1.unicap.br\/observatorio2\/index.php?rest_route=\/wp\/v2\/pages\/193\/revisions\/351"}],"up":[{"embeddable":true,"href":"https:\/\/www1.unicap.br\/observatorio2\/index.php?rest_route=\/wp\/v2\/pages\/34"}],"wp:attachment":[{"href":"https:\/\/www1.unicap.br\/observatorio2\/index.php?rest_route=%2Fwp%2Fv2%2Fmedia&parent=193"}],"curies":[{"name":"wp","href":"https:\/\/api.w.org\/{rel}","templated":true}]}}