{"id":188,"date":"2011-04-11T01:37:45","date_gmt":"2011-04-11T01:37:45","guid":{"rendered":"https:\/\/www1.unicap.br\/observatorio2\/?page_id=188"},"modified":"2013-07-17T04:27:23","modified_gmt":"2013-07-17T07:27:23","slug":"metodistas","status":"publish","type":"page","link":"https:\/\/www1.unicap.br\/observatorio2\/?page_id=188","title":{"rendered":"Metodistas"},"content":{"rendered":"<p><iframe loading=\"lazy\" src=\"\/\/www.youtube.com\/embed\/Zgc9V8fjUPw?rel=0\" height=\"360\" width=\"480\" allowfullscreen=\"\" frameborder=\"0\"><\/iframe><\/p>\n<p>&nbsp;<\/p>\n<p>METODISTAS<\/p>\n<p>&nbsp;<\/p>\n<p>Hist\u00f3ria<\/p>\n<p>Os metodistas s\u00e3o crist\u00e3os que surgiram de um movimento na Inglaterra no s\u00e9c. XVII, XVIII, no per\u00edodo da revolu\u00e7\u00e3o industrial, no qual um l\u00edder, professor de teologia da Universidade de Oxford, John Wesley, percebeu o alto \u00edndice de desemprego e o alcoolismo como algo extremamente marcante. Muitas crian\u00e7as ficavam pelas ruas e ele entendeu que aquele povo precisava conhecer e ter a mensagem de Deus para enfrentar tantas dificuldades. Deste modo, come\u00e7ou a organizar essas pessoas em pequenos grupos, para estudo, apoio, ajuda e educa\u00e7\u00e3o de crian\u00e7as. Por sua vez, liderou um movimento muito grande na \u00e1rea da educa\u00e7\u00e3o, de tirar essas crian\u00e7as da rua e inseri-las num processo educacional, fazendo inclusive, maternagem e paternagem na vida delas, enquanto pais e m\u00e3es estariam no trabalho. E com isso o movimento foi crescendo, muitas pessoas come\u00e7aram a frequentar esses grupos e, depois, ent\u00e3o, acabou por se organizar a Igreja Metodista.<\/p>\n<p>&nbsp;<\/p>\n<p>Doutrinas<\/p>\n<p>Em ess\u00eancia as doutrinas do Metodismo s\u00e3o as mesmas da Reforma do S\u00e9culo XVI, as quais, Wesley n\u00e3o acrescentou \u00e0 teologia qualquer id\u00e9ia nova, tampouco inventou nova doutrina. Sua a\u00e7\u00e3o foi em vitalizar as doutrinas da Reforma com o fogo da experi\u00eancia do Esp\u00edrito Santo na sua vida e na dos seus colaboradores. Ele mesmo disse: &#8220;As minhas doutrinas s\u00e3o simplesmente os princ\u00edpios fundamentais do Cristianismo&#8221;. Sua declara\u00e7\u00e3o muito familiar, num resumo, declara: &#8220;As nossas doutrinas principais, que encerram todas as demais, s\u00e3o o arrependimento, a f\u00e9 e a santifica\u00e7\u00e3o. A primeira \u00e9 o vest\u00edbulo da religi\u00e3o; a segunda, a porta; a terceira, a pr\u00f3pria religi\u00e3o&#8221;.\u00a0A origem das doutrinas Metodistas \u00e9 o cristianismo puro, mediante uma experi\u00eancia pessoal do poder de Deus na vida dos crentes. Essas doutrinas n\u00e3o nasceram, pois, num meio exclusivamente intelectual, por\u00e9m, na experi\u00eancia dos homens. Portanto, o metodismo n\u00e3o se caracteriza pela sua insist\u00eancia na conformidade do indiv\u00edduo a um credo, mas em conformar a sua vida \u00e0 santidade.<\/p>\n<p>&nbsp;<\/p>\n<p>Endere\u00e7os<\/p>\n<p>&nbsp;<\/p>\n<p>Regi\u00e3o Mission\u00e1ria do Nordeste &#8211; REMNE.<\/p>\n<p>Bispa: Marisa Ferreira<\/p>\n<p>Distrito Mission\u00e1rio Nordeste 2 (PE)<\/p>\n<p>SD: Samuel Luis da Silva<\/p>\n<p>O site da Igreja Metodista no Brasil: <a href=\"http:\/\/www.metodista.org.br\">http:\/\/www.metodista.org.br<\/a><\/p>\n<p>No Nordeste: <a href=\"http:\/\/remne.metodista.org.br\">http:\/\/remne.metodista.org.br<\/a><\/p>\n<p>&nbsp;<\/p>\n<p>Igreja Central em Recife \/Torre<\/p>\n<p>Rua Jos\u00e9 Bonif\u00e1cio, 272 &#8211; Torre<\/p>\n<p>Recife &#8211; PE Cep: 50.710-000<\/p>\n<p>Fone: (81) 3227-2400<\/p>\n<p>Pastor: Francisco Porto de Almeida J\u00fanior<\/p>\n<p>E-mail: <a href=\"mailto:juniorporto10@hotmail.com\">juniorporto10@hotmail.com<\/a><\/p>\n","protected":false},"excerpt":{"rendered":"<p>&nbsp; METODISTAS &nbsp; Hist\u00f3ria Os metodistas s\u00e3o crist\u00e3os que surgiram de um movimento na Inglaterra no s\u00e9c. XVII, XVIII, no per\u00edodo da revolu\u00e7\u00e3o industrial, no qual um l\u00edder, professor de teologia da Universidade de Oxford, John Wesley, percebeu o alto \u00edndice de desemprego e o alcoolismo como algo extremamente marcante. Muitas crian\u00e7as ficavam pelas ruas&#8230; <\/p>\n<div class=\"link-more\"><a href=\"https:\/\/www1.unicap.br\/observatorio2\/?page_id=188\">Leia mais<\/a><\/div>\n","protected":false},"author":2,"featured_media":0,"parent":34,"menu_order":0,"comment_status":"open","ping_status":"open","template":"","meta":{"footnotes":""},"class_list":["post-188","page","type-page","status-publish","hentry"],"_links":{"self":[{"href":"https:\/\/www1.unicap.br\/observatorio2\/index.php?rest_route=\/wp\/v2\/pages\/188","targetHints":{"allow":["GET"]}}],"collection":[{"href":"https:\/\/www1.unicap.br\/observatorio2\/index.php?rest_route=\/wp\/v2\/pages"}],"about":[{"href":"https:\/\/www1.unicap.br\/observatorio2\/index.php?rest_route=\/wp\/v2\/types\/page"}],"author":[{"embeddable":true,"href":"https:\/\/www1.unicap.br\/observatorio2\/index.php?rest_route=\/wp\/v2\/users\/2"}],"replies":[{"embeddable":true,"href":"https:\/\/www1.unicap.br\/observatorio2\/index.php?rest_route=%2Fwp%2Fv2%2Fcomments&post=188"}],"version-history":[{"count":6,"href":"https:\/\/www1.unicap.br\/observatorio2\/index.php?rest_route=\/wp\/v2\/pages\/188\/revisions"}],"predecessor-version":[{"id":239,"href":"https:\/\/www1.unicap.br\/observatorio2\/index.php?rest_route=\/wp\/v2\/pages\/188\/revisions\/239"}],"up":[{"embeddable":true,"href":"https:\/\/www1.unicap.br\/observatorio2\/index.php?rest_route=\/wp\/v2\/pages\/34"}],"wp:attachment":[{"href":"https:\/\/www1.unicap.br\/observatorio2\/index.php?rest_route=%2Fwp%2Fv2%2Fmedia&parent=188"}],"curies":[{"name":"wp","href":"https:\/\/api.w.org\/{rel}","templated":true}]}}