{"id":180,"date":"2011-04-11T01:35:53","date_gmt":"2011-04-11T01:35:53","guid":{"rendered":"https:\/\/www1.unicap.br\/observatorio2\/?page_id=180"},"modified":"2013-07-17T03:48:24","modified_gmt":"2013-07-17T06:48:24","slug":"judeus","status":"publish","type":"page","link":"https:\/\/www1.unicap.br\/observatorio2\/?page_id=180","title":{"rendered":"Judeus"},"content":{"rendered":"<p><iframe loading=\"lazy\" src=\"\/\/www.youtube.com\/embed\/92-e6uEDxd0\" height=\"365\" width=\"480\" allowfullscreen=\"\" frameborder=\"0\"><\/iframe><\/p>\n<p>&nbsp;<\/p>\n<p><strong>Juda\u00edsmo <\/strong><\/p>\n<p>\u00e9 o nome dado \u00e0 religi\u00e3o do povo judeu, a mais antiga das tr\u00eas principais religi\u00f5es monote\u00edstas. Surgido da religi\u00e3o mosaica, o juda\u00edsmo, apesar de suas ramifica\u00e7\u00f5es, defende um conjunto de doutrinas que o distingue: a cren\u00e7a em YHWH como criador e Deus e a elei\u00e7\u00e3o de Israel como povo escolhido para receber a revela\u00e7\u00e3o da Tor\u00e1, que seriam os mandamentos deste Deus. Dentro da vis\u00e3o judaica do mundo, Deus \u00e9 um criador ativo no universo e que influencia a sociedade humana, na qual o judeu \u00e9 aquele que pertence a uma linhagem com um pacto eterno com este Deus. Um judeu n\u00e3o precisa seguir necessariamente o juda\u00edsmo ainda que o juda\u00edsmo (que \u00e9 seguido por cerca de treze milh\u00f5es de pessoas) s\u00f3 possa ser necessariamente praticado por judeus.<\/p>\n<p>Endere\u00e7o:<\/p>\n<p>Museu Sinagoga Kahal Zur Israel,<\/p>\n<p>Rua do Bom Jesus, 197\/203 (Antiga Rua dos Judeus)<\/p>\n<p>Recife &#8211; PE<\/p>\n<p>Site:<\/p>\n<p><a href=\"http:\/\/www.arquivojudaicope.org.br\/2012\/pt\/pagina-inicial.html\">http:\/\/www.arquivojudaicope.org.br\/2012\/pt\/pagina-inicial.html<\/a><\/p>\n<p>&nbsp;<\/p>\n","protected":false},"excerpt":{"rendered":"<p>&nbsp; Juda\u00edsmo \u00e9 o nome dado \u00e0 religi\u00e3o do povo judeu, a mais antiga das tr\u00eas principais religi\u00f5es monote\u00edstas. Surgido da religi\u00e3o mosaica, o juda\u00edsmo, apesar de suas ramifica\u00e7\u00f5es, defende um conjunto de doutrinas que o distingue: a cren\u00e7a em YHWH como criador e Deus e a elei\u00e7\u00e3o de Israel como povo escolhido para receber&#8230; <\/p>\n<div class=\"link-more\"><a href=\"https:\/\/www1.unicap.br\/observatorio2\/?page_id=180\">Leia mais<\/a><\/div>\n","protected":false},"author":2,"featured_media":0,"parent":34,"menu_order":0,"comment_status":"open","ping_status":"open","template":"","meta":{"footnotes":""},"class_list":["post-180","page","type-page","status-publish","hentry"],"_links":{"self":[{"href":"https:\/\/www1.unicap.br\/observatorio2\/index.php?rest_route=\/wp\/v2\/pages\/180","targetHints":{"allow":["GET"]}}],"collection":[{"href":"https:\/\/www1.unicap.br\/observatorio2\/index.php?rest_route=\/wp\/v2\/pages"}],"about":[{"href":"https:\/\/www1.unicap.br\/observatorio2\/index.php?rest_route=\/wp\/v2\/types\/page"}],"author":[{"embeddable":true,"href":"https:\/\/www1.unicap.br\/observatorio2\/index.php?rest_route=\/wp\/v2\/users\/2"}],"replies":[{"embeddable":true,"href":"https:\/\/www1.unicap.br\/observatorio2\/index.php?rest_route=%2Fwp%2Fv2%2Fcomments&post=180"}],"version-history":[{"count":3,"href":"https:\/\/www1.unicap.br\/observatorio2\/index.php?rest_route=\/wp\/v2\/pages\/180\/revisions"}],"predecessor-version":[{"id":528,"href":"https:\/\/www1.unicap.br\/observatorio2\/index.php?rest_route=\/wp\/v2\/pages\/180\/revisions\/528"}],"up":[{"embeddable":true,"href":"https:\/\/www1.unicap.br\/observatorio2\/index.php?rest_route=\/wp\/v2\/pages\/34"}],"wp:attachment":[{"href":"https:\/\/www1.unicap.br\/observatorio2\/index.php?rest_route=%2Fwp%2Fv2%2Fmedia&parent=180"}],"curies":[{"name":"wp","href":"https:\/\/api.w.org\/{rel}","templated":true}]}}