{"id":160,"date":"2016-04-12T16:26:10","date_gmt":"2016-04-12T16:26:10","guid":{"rendered":"https:\/\/www1.unicap.br\/estudosreligiao\/?page_id=160"},"modified":"2019-05-06T12:50:33","modified_gmt":"2019-05-06T12:50:33","slug":"fale-conosco","status":"publish","type":"page","link":"https:\/\/www1.unicap.br\/estudosreligiao\/fale-conosco\/","title":{"rendered":"Fale conosco"},"content":{"rendered":"<div id='contact-form-160'>\n<form action='https:\/\/www1.unicap.br\/estudosreligiao\/fale-conosco\/#contact-form-160' method='post' class='contact-form commentsblock'>\n<script>\n\t\t\t( function () {\n\t\t\t\tconst contact_forms = document.getElementsByClassName('contact-form');\n\n\t\t\t\tfor ( const form of contact_forms ) {\n\t\t\t\t\tform.onsubmit = function() {\n\t\t\t\t\t\tconst buttons = form.getElementsByTagName('button');\n\n\t\t\t\t\t\tfor( const button of buttons ) {\n\t\t\t\t\t\t\tbutton.setAttribute('disabled', true);\n\t\t\t\t\t\t}\n\t\t\t\t\t}\n\t\t\t\t}\n\t\t\t} )();\n\t\t<\/script>\n<div class='grunion-field-wrap grunion-field-name-wrap'  >\n<label\n\t\t\t\tfor='g160-nome'\n\t\t\t\tclass='grunion-field-label name'\n\t\t\t\t>Nome<span>(obrigat\u00f3rio)<\/span><\/label>\n<input\n\t\t\t\t\ttype='text'\n\t\t\t\t\tname='g160-nome'\n\t\t\t\t\tid='g160-nome'\n\t\t\t\t\tvalue=''\n\t\t\t\t\tclass='name' \n\t\t\t\t\trequired aria-required='true'\n\t\t\t\t\/>\n\t<\/div>\n\n<div class='grunion-field-wrap grunion-field-email-wrap'  >\n<label\n\t\t\t\tfor='g160-email'\n\t\t\t\tclass='grunion-field-label email'\n\t\t\t\t>Email<span>(obrigat\u00f3rio)<\/span><\/label>\n<input\n\t\t\t\t\ttype='email'\n\t\t\t\t\tname='g160-email'\n\t\t\t\t\tid='g160-email'\n\t\t\t\t\tvalue=''\n\t\t\t\t\tclass='email' \n\t\t\t\t\trequired aria-required='true'\n\t\t\t\t\/>\n\t<\/div>\n\n<div class='grunion-field-wrap grunion-field-url-wrap'  >\n<label\n\t\t\t\tfor='g160-site'\n\t\t\t\tclass='grunion-field-label url'\n\t\t\t\t>Site<\/label>\n<input\n\t\t\t\t\ttype='url'\n\t\t\t\t\tname='g160-site'\n\t\t\t\t\tid='g160-site'\n\t\t\t\t\tvalue=''\n\t\t\t\t\tclass='url' \n\t\t\t\t\t\n\t\t\t\t\/>\n\t<\/div>\n\n<div class='grunion-field-wrap grunion-field-text-wrap'  >\n<label\n\t\t\t\tfor='g160-cidadeestado'\n\t\t\t\tclass='grunion-field-label text'\n\t\t\t\t>Cidade\/Estado<span>(obrigat\u00f3rio)<\/span><\/label>\n<input\n\t\t\t\t\ttype='text'\n\t\t\t\t\tname='g160-cidadeestado'\n\t\t\t\t\tid='g160-cidadeestado'\n\t\t\t\t\tvalue=''\n\t\t\t\t\tclass='text' \n\t\t\t\t\trequired aria-required='true'\n\t\t\t\t\/>\n\t<\/div>\n\n<div class='grunion-field-wrap grunion-field-radio-wrap'  >\n<label\n\t\t\t\tfor='g160-marqueoassunto'\n\t\t\t\tclass='grunion-field-label'\n\t\t\t\t>Marque o assunto<span>(obrigat\u00f3rio)<\/span><\/label>\n\t\t<label class='grunion-radio-label radio'><input\n\t\t\t\t\t\t\t\t\ttype='radio'\n\t\t\t\t\t\t\t\t\tname='g160-marqueoassunto'\n\t\t\t\t\t\t\t\t\tvalue='Postagem de not\u00edcias' class='radio'  required aria-required='true'\/> Postagem de not\u00edcias<\/label>\n\t\t<div class='clear-form'><\/div>\n\t\t<label class='grunion-radio-label radio'><input\n\t\t\t\t\t\t\t\t\ttype='radio'\n\t\t\t\t\t\t\t\t\tname='g160-marqueoassunto'\n\t\t\t\t\t\t\t\t\tvalue='Problemas com o site' class='radio'  required aria-required='true'\/> Problemas com o site<\/label>\n\t\t<div class='clear-form'><\/div>\n\t\t<label class='grunion-radio-label radio'><input\n\t\t\t\t\t\t\t\t\ttype='radio'\n\t\t\t\t\t\t\t\t\tname='g160-marqueoassunto'\n\t\t\t\t\t\t\t\t\tvalue='Sobre os Estudos de Religi\u00e3o na Unicap' class='radio'  required aria-required='true'\/> Sobre os Estudos de Religi\u00e3o na Unicap<\/label>\n\t\t<div class='clear-form'><\/div>\n\t\t<label class='grunion-radio-label radio'><input\n\t\t\t\t\t\t\t\t\ttype='radio'\n\t\t\t\t\t\t\t\t\tname='g160-marqueoassunto'\n\t\t\t\t\t\t\t\t\tvalue='Outros' class='radio'  required aria-required='true'\/> Outros<\/label>\n\t\t<div class='clear-form'><\/div>\n\t<\/div>\n\n<div class='grunion-field-wrap grunion-field-textarea-wrap'  >\n<label\n\t\t\t\tfor='contact-form-comment-g160-comentrio'\n\t\t\t\tclass='grunion-field-label textarea'\n\t\t\t\t>Coment\u00e1rio<span>(obrigat\u00f3rio)<\/span><\/label>\n<textarea\n\t\t                name='g160-comentrio'\n\t\t                id='contact-form-comment-g160-comentrio'\n\t\t                rows='20' class='textarea'  required aria-required='true'><\/textarea>\n\t<\/div>\n\t<p class='contact-submit'>\n\t\t<button type='submit' class='pushbutton-wide'>Enviar<\/button>\t\t<input type='hidden' name='contact-form-id' value='160' \/>\n\t\t<input type='hidden' name='action' value='grunion-contact-form' \/>\n\t\t<input type='hidden' name='contact-form-hash' value='b8bcd7ec16c19d66f274b0c5962c39b0bd8d203d' \/>\n\t<\/p>\n<p style=\"display: none !important;\" class=\"akismet-fields-container\" data-prefix=\"ak_\"><label>&#916;<textarea name=\"ak_hp_textarea\" cols=\"45\" rows=\"8\" maxlength=\"100\"><\/textarea><\/label><input type=\"hidden\" id=\"ak_js_1\" name=\"ak_js\" value=\"247\"\/><script>document.getElementById( \"ak_js_1\" ).setAttribute( \"value\", ( new Date() ).getTime() );<\/script><\/p><\/form>\n<\/div>\n","protected":false},"excerpt":{"rendered":"","protected":false},"author":3,"featured_media":0,"parent":0,"menu_order":0,"comment_status":"closed","ping_status":"closed","template":"","meta":{"spay_email":"","footnotes":""},"class_list":["post-160","page","type-page","status-publish","hentry"],"jetpack_shortlink":"https:\/\/wp.me\/P7qXzA-2A","jetpack-related-posts":[{"id":798,"url":"https:\/\/www1.unicap.br\/estudosreligiao\/mapa-do-site\/","url_meta":{"origin":160,"position":0},"title":"Mapa do Site","date":"7 de mar\u00e7o de 2017","format":false,"excerpt":"In\u00edcio Apresenta\u00e7\u00e3o Gradua\u00e7\u00e3o Teologia Ci\u00eancias da Religi\u00e3o EaD P\u00f3s-gradua\u00e7\u00e3o Teologia Mestrado Especializa\u00e7\u00e3o Grupo de Pesquisa Cristianismo e interpreta\u00e7\u00f5es Ci\u00eancias da Religi\u00e3o Doutorado Mestrado Grupos de Pesquisa Espiritualidades Pluralidade e Di\u00e1logo Estudos Transdisciplinares em Hist\u00f3ria Religi\u00f5es Identidades e Di\u00e1logos Extens\u00e3o Humanitas Observat\u00f3rio Cursos A Espiritualidade de Jesus Teologia Espiritual Igreja e\u2026","rel":"","context":"Post similar","img":{"alt_text":"","src":"","width":0,"height":0},"classes":[]},{"id":2,"url":"https:\/\/www1.unicap.br\/estudosreligiao\/pagina-exemplo\/","url_meta":{"origin":160,"position":1},"title":"Apresenta\u00e7\u00e3o","date":"28 de mar\u00e7o de 2016","format":false,"excerpt":"Ol\u00e1! Este espa\u00e7o quer ser um lugar de converg\u00eancia para os estudos de religi\u00e3o na Universidade Cat\u00f3lica de Pernambuco. Reunimos aqui os servi\u00e7os educativos que a UNICAP oferece nessa \u00e1rea de teologia e ci\u00eancias da religi\u00e3o, em termos de pesquisa, aprendizagem e extens\u00e3o. Imaginamos um bloco fixo com os links\u2026","rel":"","context":"Post similar","img":{"alt_text":"","src":"https:\/\/i0.wp.com\/www1.unicap.br\/estudosreligiao\/wp-content\/uploads\/2016\/03\/DSC_5423-e1459558733229.jpg?fit=350%2C232&ssl=1&resize=350%2C200","width":350,"height":200},"classes":[]},{"id":2210,"url":"https:\/\/www1.unicap.br\/estudosreligiao\/extensao-2\/revistas-da-area\/","url_meta":{"origin":160,"position":2},"title":"Revistas da \u00c1rea","date":"10 de maio de 2019","format":false,"excerpt":"Revistas A1, A2 e B1 da \u00c1rea de Ci\u00eancias da Religi\u00e3o e Teologia\u00a0\u00a0 A1 (100 pontos) BRITISH JOURNAL OF RELIGIOUS EDUCATION ESTUDOS DE RELIGI\u00c3O Metodista SP ESTUDOS HIST\u00d3RICOS FREIBURGER ZEITSCHRIFT F\u00dcR PHILOSOPHIE UND THEOLOGIE HIST\u00d3RIA UNISINOS HORIZONTE: REVISTA DE ESTUDOS DE TEOLOGIA E CI\u00caNCIAS DA RELIGI\u00c3O KRITERION: REVISTA DE FILOSOFIA\u2026","rel":"","context":"Post similar","img":{"alt_text":"","src":"","width":0,"height":0},"classes":[]},{"id":6,"url":"https:\/\/www1.unicap.br\/estudosreligiao\/graduacao\/","url_meta":{"origin":160,"position":3},"title":"Gradua\u00e7\u00e3o","date":"29 de mar\u00e7o de 2016","format":false,"excerpt":"TEOLOGIA O Curso de Bacharelado em Teologia da UNICAP tem, como objetivo principal, a forma\u00e7\u00e3o teol\u00f3gica seja em vista do exerc\u00edcio da atividade pastoral, seja em vista da forma\u00e7\u00e3o intelectual integral. O curso visa o aprofundamento da intelig\u00eancia da f\u00e9 crist\u00e3, para que se possa dar as pr\u00f3prias raz\u00f5es de\u2026","rel":"","context":"Post similar","img":{"alt_text":"","src":"https:\/\/i0.wp.com\/www1.unicap.br\/estudosreligiao\/wp-content\/uploads\/2016\/04\/Missa-de-Teologia-DEZEMBRO__18-300x200.jpg?resize=350%2C200&ssl=1","width":350,"height":200},"classes":[]},{"id":4,"url":"https:\/\/www1.unicap.br\/estudosreligiao\/home\/","url_meta":{"origin":160,"position":4},"title":"P\u00f3s-Gradua\u00e7\u00e3o","date":"29 de mar\u00e7o de 2016","format":false,"excerpt":"\u00a0 DOUTORADO EM CI\u00caNCIAS DA RELIGI\u00c3O O nosso Programa promove pesquisas sobre as religi\u00f5es nos seus contextos hist\u00f3rico, social e cultural. Recorre ao instrumental te\u00f3rico fornecido pelas ci\u00eancias, sobretudo humanas, para de forma interdisciplinar desenvolver interpreta\u00e7\u00f5es das diferentes manifesta\u00e7\u00f5es de religiosidade, na sua rela\u00e7\u00e3o com a cultura e a sociedade.\u2026","rel":"","context":"Post similar","img":{"alt_text":"","src":"https:\/\/i0.wp.com\/www1.unicap.br\/estudosreligiao\/wp-content\/uploads\/2016\/04\/transdisciplinaridade-cincias-da-religio-e-ensino-religioso-12-638-300x225.jpg?resize=350%2C200&ssl=1","width":350,"height":200},"classes":[]},{"id":150,"url":"https:\/\/www1.unicap.br\/estudosreligiao\/extensao-2\/","url_meta":{"origin":160,"position":5},"title":"Publica\u00e7\u00f5es","date":"7 de abril de 2016","format":false,"excerpt":"REVISTAS Revista de Teologia e Ci\u00eancias da Religi\u00e3o Nossa Revista de Teologia e Ci\u00eancias da Religi\u00e3o da UNICAP, ISSN online 2237-907X, que existe desde 2002, quis ampliar os seus horizontes de di\u00e1logo com a comunidade acad\u00eamica e passou para uma vers\u00e3o completamente on-line. Nessa nova fase, a revista \u00e9 de\u2026","rel":"","context":"Post similar","img":{"alt_text":"","src":"","width":0,"height":0},"classes":[]}],"_links":{"self":[{"href":"https:\/\/www1.unicap.br\/estudosreligiao\/wp-json\/wp\/v2\/pages\/160"}],"collection":[{"href":"https:\/\/www1.unicap.br\/estudosreligiao\/wp-json\/wp\/v2\/pages"}],"about":[{"href":"https:\/\/www1.unicap.br\/estudosreligiao\/wp-json\/wp\/v2\/types\/page"}],"author":[{"embeddable":true,"href":"https:\/\/www1.unicap.br\/estudosreligiao\/wp-json\/wp\/v2\/users\/3"}],"replies":[{"embeddable":true,"href":"https:\/\/www1.unicap.br\/estudosreligiao\/wp-json\/wp\/v2\/comments?post=160"}],"version-history":[{"count":6,"href":"https:\/\/www1.unicap.br\/estudosreligiao\/wp-json\/wp\/v2\/pages\/160\/revisions"}],"predecessor-version":[{"id":2131,"href":"https:\/\/www1.unicap.br\/estudosreligiao\/wp-json\/wp\/v2\/pages\/160\/revisions\/2131"}],"wp:attachment":[{"href":"https:\/\/www1.unicap.br\/estudosreligiao\/wp-json\/wp\/v2\/media?parent=160"}],"curies":[{"name":"wp","href":"https:\/\/api.w.org\/{rel}","templated":true}]}}