{"id":10,"date":"2016-03-29T19:29:56","date_gmt":"2016-03-29T19:29:56","guid":{"rendered":"https:\/\/www1.unicap.br\/estudosreligiao\/?page_id=10"},"modified":"2016-04-18T17:24:06","modified_gmt":"2016-04-18T17:24:06","slug":"extensao","status":"publish","type":"page","link":"https:\/\/www1.unicap.br\/estudosreligiao\/extensao\/","title":{"rendered":"Extens\u00e3o"},"content":{"rendered":"<p><a href=\"http:\/\/www.unicap.br\/ihu\" target=\"_blank\"><img data-recalc-dims=\"1\" loading=\"lazy\" decoding=\"async\" data-attachment-id=\"118\" data-permalink=\"https:\/\/www1.unicap.br\/estudosreligiao\/extensao\/logo_ihu\/\" data-orig-file=\"https:\/\/i0.wp.com\/www1.unicap.br\/estudosreligiao\/wp-content\/uploads\/2016\/03\/logo_ihu-e1459879156928.png?fit=150%2C96&amp;ssl=1\" data-orig-size=\"150,96\" data-comments-opened=\"1\" data-image-meta=\"{&quot;aperture&quot;:&quot;0&quot;,&quot;credit&quot;:&quot;&quot;,&quot;camera&quot;:&quot;&quot;,&quot;caption&quot;:&quot;&quot;,&quot;created_timestamp&quot;:&quot;0&quot;,&quot;copyright&quot;:&quot;&quot;,&quot;focal_length&quot;:&quot;0&quot;,&quot;iso&quot;:&quot;0&quot;,&quot;shutter_speed&quot;:&quot;0&quot;,&quot;title&quot;:&quot;&quot;,&quot;orientation&quot;:&quot;0&quot;}\" data-image-title=\"logo_ihu\" data-image-description=\"\" data-image-caption=\"\" data-medium-file=\"https:\/\/i0.wp.com\/www1.unicap.br\/estudosreligiao\/wp-content\/uploads\/2016\/03\/logo_ihu-e1459879156928.png?fit=150%2C96&amp;ssl=1\" data-large-file=\"https:\/\/i0.wp.com\/www1.unicap.br\/estudosreligiao\/wp-content\/uploads\/2016\/03\/logo_ihu-e1459879156928.png?fit=150%2C96&amp;ssl=1\" class=\"alignnone wp-image-118 size-full\" src=\"https:\/\/i0.wp.com\/www1.unicap.br\/estudosreligiao\/wp-content\/uploads\/2016\/03\/logo_ihu-e1459879156928.png?resize=150%2C96&#038;ssl=1\" alt=\"logo_ihu\" width=\"150\" height=\"96\" \/><\/a><\/p>\n<h3><span style=\"color: #000000;\">Humanitas<\/span><\/h3>\n<p><span style=\"color: #000000;\">O Instituto Humanitas Unicap tem como objetivo principal estabelecer um espa\u00e7o de reflex\u00e3o nas fronteiras do conhecimento e ser um canal aberto no di\u00e1logo com a cultura e a sociedade. Ele deseja associar-se a uma concep\u00e7\u00e3o de educa\u00e7\u00e3o segundo a qual a miss\u00e3o da universidade compreende tr\u00eas n\u00edveis intimamente entrela\u00e7ados: compreender a realidade, responsabilizar-se por ela e nela intervir como um instrumento de efetiva transforma\u00e7\u00e3o social. As informa\u00e7\u00f5es poder\u00e3o ser acessadas na p\u00e1gina do <a href=\"http:\/\/www.unicap.br\/ihu\" target=\"_blank\">Humanitas<\/a>.<\/span><\/p>\n<p>&nbsp;<\/p>\n<p><a href=\"http:\/\/www.unicap.br\/observatorio2\/\" target=\"_blank\"><img data-recalc-dims=\"1\" loading=\"lazy\" decoding=\"async\" data-attachment-id=\"119\" data-permalink=\"https:\/\/www1.unicap.br\/estudosreligiao\/extensao\/logo_observatorio\/\" data-orig-file=\"https:\/\/i0.wp.com\/www1.unicap.br\/estudosreligiao\/wp-content\/uploads\/2016\/03\/Logo_observat\u00f3rio-e1470352458423.png?fit=420%2C170&amp;ssl=1\" data-orig-size=\"420,170\" data-comments-opened=\"1\" data-image-meta=\"{&quot;aperture&quot;:&quot;0&quot;,&quot;credit&quot;:&quot;&quot;,&quot;camera&quot;:&quot;&quot;,&quot;caption&quot;:&quot;&quot;,&quot;created_timestamp&quot;:&quot;0&quot;,&quot;copyright&quot;:&quot;&quot;,&quot;focal_length&quot;:&quot;0&quot;,&quot;iso&quot;:&quot;0&quot;,&quot;shutter_speed&quot;:&quot;0&quot;,&quot;title&quot;:&quot;&quot;,&quot;orientation&quot;:&quot;0&quot;}\" data-image-title=\"Logo_observat\u00f3rio\" data-image-description=\"\" data-image-caption=\"\" data-medium-file=\"https:\/\/i0.wp.com\/www1.unicap.br\/estudosreligiao\/wp-content\/uploads\/2016\/03\/Logo_observat\u00f3rio-e1470352458423.png?fit=300%2C121&amp;ssl=1\" data-large-file=\"https:\/\/i0.wp.com\/www1.unicap.br\/estudosreligiao\/wp-content\/uploads\/2016\/03\/Logo_observat\u00f3rio-e1470352458423.png?fit=420%2C170&amp;ssl=1\" class=\"alignnone wp-image-119\" src=\"https:\/\/i0.wp.com\/www1.unicap.br\/estudosreligiao\/wp-content\/uploads\/2016\/03\/Logo_observat\u00f3rio.png?resize=200%2C94&#038;ssl=1\" alt=\"Logo_observat\u00f3rio\" width=\"200\" height=\"94\" \/><\/a><\/p>\n<h3><span style=\"color: #000000;\">Observat\u00f3rio<\/span><\/h3>\n<p><span style=\"color: #000000;\">O Observat\u00f3rio Transdisciplinar das Religi\u00f5es no Recife \u00e9 um espa\u00e7o de extens\u00e3o acad\u00eamica, criado pela equipe de pesquisa do programa de ci\u00eancias da religi\u00e3o da UNICAP, com o objetivo de analisar os fatos relacionados com os encontros e desencontros entre as religi\u00f5es no Recife e regi\u00e3o, procurando promover o di\u00e1logo intercultural e inter-religioso. A programa\u00e7\u00e3o envolve grupo de estudo, f\u00f3rum de debates e visitas guiadas a centros espirituais. Para conhecer mais ou acompanhar as novidades do Observat\u00f3rio,\u00a0<a href=\"http:\/\/www.unicap.br\/observatorio2\" target=\"_blank\">acesse sua p\u00e1gina<\/a>.\u00a0<\/span><\/p>\n<h3><\/h3>\n<figure id=\"attachment_121\" aria-describedby=\"caption-attachment-121\" style=\"width: 200px\" class=\"wp-caption alignleft\"><a href=\"http:\/\/www.unicap.br\/universidade\/pages\/?p=1122\" target=\"_blank\"><img data-recalc-dims=\"1\" loading=\"lazy\" decoding=\"async\" data-attachment-id=\"121\" data-permalink=\"https:\/\/www1.unicap.br\/estudosreligiao\/extensao\/a-espiritualidade-de-jesus\/\" data-orig-file=\"https:\/\/i0.wp.com\/www1.unicap.br\/estudosreligiao\/wp-content\/uploads\/2016\/03\/A-espiritualidade-de-Jesus-e1459878442969.png?fit=700%2C302&amp;ssl=1\" data-orig-size=\"700,302\" data-comments-opened=\"1\" data-image-meta=\"{&quot;aperture&quot;:&quot;0&quot;,&quot;credit&quot;:&quot;&quot;,&quot;camera&quot;:&quot;&quot;,&quot;caption&quot;:&quot;&quot;,&quot;created_timestamp&quot;:&quot;0&quot;,&quot;copyright&quot;:&quot;&quot;,&quot;focal_length&quot;:&quot;0&quot;,&quot;iso&quot;:&quot;0&quot;,&quot;shutter_speed&quot;:&quot;0&quot;,&quot;title&quot;:&quot;&quot;,&quot;orientation&quot;:&quot;0&quot;}\" data-image-title=\"A espiritualidade de Jesus\" data-image-description=\"\" data-image-caption=\"\" data-medium-file=\"https:\/\/i0.wp.com\/www1.unicap.br\/estudosreligiao\/wp-content\/uploads\/2016\/03\/A-espiritualidade-de-Jesus-e1459878442969.png?fit=300%2C129&amp;ssl=1\" data-large-file=\"https:\/\/i0.wp.com\/www1.unicap.br\/estudosreligiao\/wp-content\/uploads\/2016\/03\/A-espiritualidade-de-Jesus-e1459878442969.png?fit=700%2C302&amp;ssl=1\" class=\"wp-image-121\" src=\"https:\/\/i0.wp.com\/www1.unicap.br\/estudosreligiao\/wp-content\/uploads\/2016\/03\/A-espiritualidade-de-Jesus.png?resize=200%2C86&#038;ssl=1\" alt=\"A espiritualidade de Jesus\" width=\"200\" height=\"86\" \/><\/a><figcaption id=\"caption-attachment-121\" class=\"wp-caption-text\">A espiritualidade de Jesus<\/figcaption><\/figure>\n<h3 class=\"entry-title\"><\/h3>\n<figure id=\"attachment_122\" aria-describedby=\"caption-attachment-122\" style=\"width: 200px\" class=\"wp-caption alignleft\"><a href=\"http:\/\/www.unicap.br\/universidade\/pages\/?p=1120\" target=\"_blank\"><img data-recalc-dims=\"1\" loading=\"lazy\" decoding=\"async\" data-attachment-id=\"122\" data-permalink=\"https:\/\/www1.unicap.br\/estudosreligiao\/extensao\/teologia-espiritual-2\/\" data-orig-file=\"https:\/\/i0.wp.com\/www1.unicap.br\/estudosreligiao\/wp-content\/uploads\/2016\/03\/Teologia-Espiritual-e1459878513196.png?fit=700%2C302&amp;ssl=1\" data-orig-size=\"700,302\" data-comments-opened=\"1\" data-image-meta=\"{&quot;aperture&quot;:&quot;0&quot;,&quot;credit&quot;:&quot;&quot;,&quot;camera&quot;:&quot;&quot;,&quot;caption&quot;:&quot;&quot;,&quot;created_timestamp&quot;:&quot;0&quot;,&quot;copyright&quot;:&quot;&quot;,&quot;focal_length&quot;:&quot;0&quot;,&quot;iso&quot;:&quot;0&quot;,&quot;shutter_speed&quot;:&quot;0&quot;,&quot;title&quot;:&quot;&quot;,&quot;orientation&quot;:&quot;0&quot;}\" data-image-title=\"Teologia Espiritual\" data-image-description=\"\" data-image-caption=\"\" data-medium-file=\"https:\/\/i0.wp.com\/www1.unicap.br\/estudosreligiao\/wp-content\/uploads\/2016\/03\/Teologia-Espiritual-e1459878513196.png?fit=300%2C129&amp;ssl=1\" data-large-file=\"https:\/\/i0.wp.com\/www1.unicap.br\/estudosreligiao\/wp-content\/uploads\/2016\/03\/Teologia-Espiritual-e1459878513196.png?fit=700%2C302&amp;ssl=1\" class=\"wp-image-122\" src=\"https:\/\/i0.wp.com\/www1.unicap.br\/estudosreligiao\/wp-content\/uploads\/2016\/03\/Teologia-Espiritual-300x129.png?resize=200%2C86&#038;ssl=1\" width=\"200\" height=\"86\" \/><\/a><figcaption id=\"caption-attachment-122\" class=\"wp-caption-text\">Teologia Espiritual<\/figcaption><\/figure>\n<h3 class=\"entry-title\"><\/h3>\n<figure id=\"attachment_123\" aria-describedby=\"caption-attachment-123\" style=\"width: 200px\" class=\"wp-caption alignleft\"><a href=\"http:\/\/www.unicap.br\/universidade\/pages\/?p=1114\" target=\"_blank\"><img data-recalc-dims=\"1\" loading=\"lazy\" decoding=\"async\" data-attachment-id=\"123\" data-permalink=\"https:\/\/www1.unicap.br\/estudosreligiao\/extensao\/igreja-e-missao\/\" data-orig-file=\"https:\/\/i0.wp.com\/www1.unicap.br\/estudosreligiao\/wp-content\/uploads\/2016\/03\/Igreja-e-Miss\u00e3o-e1459878628329.png?fit=700%2C303&amp;ssl=1\" data-orig-size=\"700,303\" data-comments-opened=\"1\" data-image-meta=\"{&quot;aperture&quot;:&quot;0&quot;,&quot;credit&quot;:&quot;&quot;,&quot;camera&quot;:&quot;&quot;,&quot;caption&quot;:&quot;&quot;,&quot;created_timestamp&quot;:&quot;0&quot;,&quot;copyright&quot;:&quot;&quot;,&quot;focal_length&quot;:&quot;0&quot;,&quot;iso&quot;:&quot;0&quot;,&quot;shutter_speed&quot;:&quot;0&quot;,&quot;title&quot;:&quot;&quot;,&quot;orientation&quot;:&quot;0&quot;}\" data-image-title=\"Igreja e Miss\u00e3o\" data-image-description=\"\" data-image-caption=\"\" data-medium-file=\"https:\/\/i0.wp.com\/www1.unicap.br\/estudosreligiao\/wp-content\/uploads\/2016\/03\/Igreja-e-Miss\u00e3o-e1459878628329.png?fit=300%2C130&amp;ssl=1\" data-large-file=\"https:\/\/i0.wp.com\/www1.unicap.br\/estudosreligiao\/wp-content\/uploads\/2016\/03\/Igreja-e-Miss\u00e3o-e1459878628329.png?fit=700%2C303&amp;ssl=1\" class=\"wp-image-123\" src=\"https:\/\/i0.wp.com\/www1.unicap.br\/estudosreligiao\/wp-content\/uploads\/2016\/03\/Igreja-e-Miss\u00e3o.png?resize=200%2C87&#038;ssl=1\" width=\"200\" height=\"87\" \/><\/a><figcaption id=\"caption-attachment-123\" class=\"wp-caption-text\">Igreja e Miss\u00e3o<\/figcaption><\/figure>\n<h3 class=\"entry-title\" style=\"text-align: left;\"><\/h3>\n<h3 class=\"entry-title\" style=\"text-align: left;\"><\/h3>\n<h3 class=\"entry-title\" style=\"text-align: left;\"><\/h3>\n<h3><\/h3>\n<h3><span style=\"color: #000000;\">Cursos do Programa de Forma\u00e7\u00e3o e Atualiza\u00e7\u00e3o Teol\u00f3gica Pastoral<\/span><\/h3>\n<p><span style=\"color: #000000;\">O Programa de Forma\u00e7\u00e3o e Atualiza\u00e7\u00e3o Teol\u00f3gica Pastoral oferece, no Santu\u00e1rio da UNICAP,\u00a0cursos livres nas \u00e1reas de b\u00edblia, catequese, espiritualidade, liturgia e miss\u00e3o. O objetivo \u00e9 proporcionar \u00e0s pessoas e comunidades crist\u00e3s uma reciclagem teol\u00f3gica, em vista do exerc\u00edcio de uma f\u00e9 esclarecida e compromissada com o mundo de hoje. <a href=\"http:\/\/www.unicap.br\/universidade\/pages\/\" target=\"_blank\">Continue lendo&#8230;<\/a><\/span><\/p>\n<h3 style=\"text-align: justify;\"><\/h3>\n<p>&nbsp;<\/p>\n<h3 style=\"text-align: justify;\"><img data-recalc-dims=\"1\" loading=\"lazy\" decoding=\"async\" data-attachment-id=\"256\" data-permalink=\"https:\/\/www1.unicap.br\/estudosreligiao\/extensao\/995px-helder_camara_1981\/\" data-orig-file=\"https:\/\/i0.wp.com\/www1.unicap.br\/estudosreligiao\/wp-content\/uploads\/2016\/03\/995px-Helder_Camara_1981-e1460998077585.jpg?fit=200%2C154&amp;ssl=1\" data-orig-size=\"200,154\" data-comments-opened=\"1\" data-image-meta=\"{&quot;aperture&quot;:&quot;0&quot;,&quot;credit&quot;:&quot;&quot;,&quot;camera&quot;:&quot;&quot;,&quot;caption&quot;:&quot;&quot;,&quot;created_timestamp&quot;:&quot;0&quot;,&quot;copyright&quot;:&quot;&quot;,&quot;focal_length&quot;:&quot;0&quot;,&quot;iso&quot;:&quot;0&quot;,&quot;shutter_speed&quot;:&quot;0&quot;,&quot;title&quot;:&quot;&quot;,&quot;orientation&quot;:&quot;0&quot;}\" data-image-title=\"995px-Helder_Camara_1981\" data-image-description=\"\" data-image-caption=\"\" data-medium-file=\"https:\/\/i0.wp.com\/www1.unicap.br\/estudosreligiao\/wp-content\/uploads\/2016\/03\/995px-Helder_Camara_1981-e1460998077585.jpg?fit=300%2C232&amp;ssl=1\" data-large-file=\"https:\/\/i0.wp.com\/www1.unicap.br\/estudosreligiao\/wp-content\/uploads\/2016\/03\/995px-Helder_Camara_1981-e1460998077585.jpg?fit=200%2C154&amp;ssl=1\" class=\"alignnone wp-image-256 size-full\" src=\"https:\/\/i0.wp.com\/www1.unicap.br\/estudosreligiao\/wp-content\/uploads\/2016\/03\/995px-Helder_Camara_1981-e1460998077585.jpg?resize=200%2C154&#038;ssl=1\" alt=\"995px-Helder_Camara_1981\" width=\"200\" height=\"154\" \/><\/h3>\n<h3 style=\"text-align: justify;\"><span style=\"color: #000000;\">C\u00e1tedra Dom Helder C\u00e2mara de Direitos Humanos<\/span><\/h3>\n<p><span style=\"color: #000000;\">A C\u00e1tedra tem como objetivo geral realizar atividades integradas de pesquisa, ensino, extens\u00e3o, informa\u00e7\u00e3o e documenta\u00e7\u00e3o na \u00e1rea de direitos humanos.\u00a0 Dentre as atividades est\u00e3o:<\/span><\/p>\n<p><span style=\"color: #000000;\">\u2013 Ado\u00e7\u00e3o de conte\u00fados e disciplinas de direitos humanos nos cursos de gradua\u00e7\u00e3o e p\u00f3s-gradua\u00e7\u00e3o (inclusive cria\u00e7\u00e3o da cadeira \u201cDireitos Humanos\u201d).<\/span><\/p>\n<p><span style=\"color: #000000;\">\u2013 Desenvolvimento de projetos sociais de inclus\u00e3o, na perspectiva dos direitos humanos.<\/span><\/p>\n<p><span style=\"color: #000000;\">\u2013 Produ\u00e7\u00e3o e difus\u00e3o de conhecimentos a respeito dos direitos humanos, incluindo metodologias e recursos pedag\u00f3gicos apropriados.<\/span><\/p>\n<p><span style=\"color: #000000;\">\u2013 Capacita\u00e7\u00e3o de representantes dos governos federal, estadual e municipal para ampliar as possibilidades de ado\u00e7\u00e3o da perspectiva humanista na execu\u00e7\u00e3o das pol\u00edticas p\u00fablicas.<\/span> <a href=\"http:\/\/www.unicap.br\/catedradomhelder\/\" target=\"_blank\">Continue lendo&#8230;<\/a><\/p>\n","protected":false},"excerpt":{"rendered":"<p>Humanitas O Instituto Humanitas Unicap tem como objetivo principal estabelecer um espa\u00e7o de reflex\u00e3o nas fronteiras do conhecimento e ser um canal aberto no di\u00e1logo com a cultura e a [&hellip;]<\/p>\n","protected":false},"author":1,"featured_media":0,"parent":0,"menu_order":0,"comment_status":"closed","ping_status":"closed","template":"","meta":{"spay_email":"","footnotes":""},"class_list":["post-10","page","type-page","status-publish","hentry"],"jetpack_shortlink":"https:\/\/wp.me\/P7qXzA-a","jetpack-related-posts":[{"id":798,"url":"https:\/\/www1.unicap.br\/estudosreligiao\/mapa-do-site\/","url_meta":{"origin":10,"position":0},"title":"Mapa do Site","date":"7 de mar\u00e7o de 2017","format":false,"excerpt":"In\u00edcio Apresenta\u00e7\u00e3o Gradua\u00e7\u00e3o Teologia Ci\u00eancias da Religi\u00e3o EaD P\u00f3s-gradua\u00e7\u00e3o Teologia Mestrado Especializa\u00e7\u00e3o Grupo de Pesquisa Cristianismo e interpreta\u00e7\u00f5es Ci\u00eancias da Religi\u00e3o Doutorado Mestrado Grupos de Pesquisa Espiritualidades Pluralidade e Di\u00e1logo Estudos Transdisciplinares em Hist\u00f3ria Religi\u00f5es Identidades e Di\u00e1logos Extens\u00e3o Humanitas Observat\u00f3rio Cursos A Espiritualidade de Jesus Teologia Espiritual Igreja e\u2026","rel":"","context":"Post similar","img":{"alt_text":"","src":"","width":0,"height":0},"classes":[]},{"id":2,"url":"https:\/\/www1.unicap.br\/estudosreligiao\/pagina-exemplo\/","url_meta":{"origin":10,"position":1},"title":"Apresenta\u00e7\u00e3o","date":"28 de mar\u00e7o de 2016","format":false,"excerpt":"Ol\u00e1! Este espa\u00e7o quer ser um lugar de converg\u00eancia para os estudos de religi\u00e3o na Universidade Cat\u00f3lica de Pernambuco. Reunimos aqui os servi\u00e7os educativos que a UNICAP oferece nessa \u00e1rea de teologia e ci\u00eancias da religi\u00e3o, em termos de pesquisa, aprendizagem e extens\u00e3o. Imaginamos um bloco fixo com os links\u2026","rel":"","context":"Post similar","img":{"alt_text":"","src":"https:\/\/i0.wp.com\/www1.unicap.br\/estudosreligiao\/wp-content\/uploads\/2016\/03\/DSC_5423-e1459558733229.jpg?fit=350%2C232&ssl=1&resize=350%2C200","width":350,"height":200},"classes":[]}],"_links":{"self":[{"href":"https:\/\/www1.unicap.br\/estudosreligiao\/wp-json\/wp\/v2\/pages\/10"}],"collection":[{"href":"https:\/\/www1.unicap.br\/estudosreligiao\/wp-json\/wp\/v2\/pages"}],"about":[{"href":"https:\/\/www1.unicap.br\/estudosreligiao\/wp-json\/wp\/v2\/types\/page"}],"author":[{"embeddable":true,"href":"https:\/\/www1.unicap.br\/estudosreligiao\/wp-json\/wp\/v2\/users\/1"}],"replies":[{"embeddable":true,"href":"https:\/\/www1.unicap.br\/estudosreligiao\/wp-json\/wp\/v2\/comments?post=10"}],"version-history":[{"count":26,"href":"https:\/\/www1.unicap.br\/estudosreligiao\/wp-json\/wp\/v2\/pages\/10\/revisions"}],"predecessor-version":[{"id":264,"href":"https:\/\/www1.unicap.br\/estudosreligiao\/wp-json\/wp\/v2\/pages\/10\/revisions\/264"}],"wp:attachment":[{"href":"https:\/\/www1.unicap.br\/estudosreligiao\/wp-json\/wp\/v2\/media?parent=10"}],"curies":[{"name":"wp","href":"https:\/\/api.w.org\/{rel}","templated":true}]}}