{"id":435,"date":"2018-04-23T14:27:09","date_gmt":"2018-04-23T17:27:09","guid":{"rendered":"https:\/\/www1.unicap.br\/comblin\/?page_id=435"},"modified":"2018-10-29T09:58:35","modified_gmt":"2018-10-29T12:58:35","slug":"equipe","status":"publish","type":"page","link":"https:\/\/www1.unicap.br\/comblin\/sobre\/equipe\/","title":{"rendered":"Equipe"},"content":{"rendered":"<p>A Equipe deste Centro de Pesquisa e Documenta\u00e7\u00e3o est\u00e1 constitu\u00edda da seguinte forma:<\/p>\n<h3><strong>Coordena\u00e7\u00e3o geral<\/strong><\/h3>\n<ul>\n<li>Profa. Dra. Alzirinha Rocha de Souza<\/li>\n<li>Prof. Dr. Pe. Pedro Rubens Ferreira Oliveira, S.J.<\/li>\n<\/ul>\n<h3><strong>Biblioteca<\/strong><\/h3>\n<ul>\n<li>Alba Rejane Val\u00e9rio de Souza<\/li>\n<li>Ana Beatriz Nascimento<\/li>\n<li>Ja\u00edse da Costa Le\u00e3o<\/li>\n<li>Me. Pedro Manoel da Silva<\/li>\n<\/ul>\n<h3><strong>Edi\u00e7\u00e3o e Comunica\u00e7\u00e3o<\/strong><\/h3>\n<ul>\n<li>Me. Mariano Vicente S. Filho<\/li>\n<\/ul>\n<h3>Colaboradores<\/h3>\n<ul>\n<li>Prof. Dr. Gilbraz de Souza Arag\u00e3o<\/li>\n<li>Pe. Herminio Canova<\/li>\n<li>Pe. Jos\u00e9 Florens<\/li>\n<li>M\u00f4nica Maria Muggler<\/li>\n<\/ul>\n<h3>Mais sobre quem somos<\/h3>\n<p>| <a href=\"https:\/\/www1.unicap.br\/comblin\/sobre\/apresentacao\/\">Apresenta\u00e7\u00e3o<\/a><br \/>\n| <a href=\"https:\/\/www1.unicap.br\/comblin\/sobre\/historico\/\">Hist\u00f3rico<\/a><br \/>\n|\u00a0<a href=\"https:\/\/www1.unicap.br\/comblin\/sobre\/perspectiva-academica\/\">Perspectiva acad\u00eamica<\/a><br \/>\n|\u00a0<a href=\"https:\/\/www1.unicap.br\/comblin\/sobre\/atividades-e-servicos\/\">Atividades e servi\u00e7os<\/a><br \/>\n|\u00a0<a href=\"https:\/\/www1.unicap.br\/comblin\/\">P\u00e1gina inicial<\/a><\/p>\n","protected":false},"excerpt":{"rendered":"<p>A Equipe deste Centro de Pesquisa e Documenta\u00e7\u00e3o est\u00e1 constitu\u00edda da seguinte forma: Coordena\u00e7\u00e3o geral Profa. Dra. Alzirinha Rocha de Souza Prof. Dr. Pe. Pedro Rubens Ferreira Oliveira, S.J. Biblioteca Alba Rejane Val\u00e9rio de Souza Ana Beatriz Nascimento Ja\u00edse da Costa Le\u00e3o Me. Pedro Manoel da Silva Edi\u00e7\u00e3o e Comunica\u00e7\u00e3o Me. Mariano Vicente S. Filho&hellip;<\/p>\n","protected":false},"author":5,"featured_media":0,"parent":327,"menu_order":0,"comment_status":"closed","ping_status":"closed","template":"","meta":{"jetpack_post_was_ever_published":false,"footnotes":""},"class_list":["post-435","page","type-page","status-publish","hentry"],"jetpack_sharing_enabled":true,"jetpack_shortlink":"https:\/\/wp.me\/P9QheL-71","_links":{"self":[{"href":"https:\/\/www1.unicap.br\/comblin\/wp-json\/wp\/v2\/pages\/435"}],"collection":[{"href":"https:\/\/www1.unicap.br\/comblin\/wp-json\/wp\/v2\/pages"}],"about":[{"href":"https:\/\/www1.unicap.br\/comblin\/wp-json\/wp\/v2\/types\/page"}],"author":[{"embeddable":true,"href":"https:\/\/www1.unicap.br\/comblin\/wp-json\/wp\/v2\/users\/5"}],"replies":[{"embeddable":true,"href":"https:\/\/www1.unicap.br\/comblin\/wp-json\/wp\/v2\/comments?post=435"}],"version-history":[{"count":11,"href":"https:\/\/www1.unicap.br\/comblin\/wp-json\/wp\/v2\/pages\/435\/revisions"}],"predecessor-version":[{"id":852,"href":"https:\/\/www1.unicap.br\/comblin\/wp-json\/wp\/v2\/pages\/435\/revisions\/852"}],"up":[{"embeddable":true,"href":"https:\/\/www1.unicap.br\/comblin\/wp-json\/wp\/v2\/pages\/327"}],"wp:attachment":[{"href":"https:\/\/www1.unicap.br\/comblin\/wp-json\/wp\/v2\/media?parent=435"}],"curies":[{"name":"wp","href":"https:\/\/api.w.org\/{rel}","templated":true}]}}