{"id":433,"date":"2018-04-23T14:24:19","date_gmt":"2018-04-23T17:24:19","guid":{"rendered":"https:\/\/www1.unicap.br\/comblin\/?page_id=433"},"modified":"2018-10-24T16:56:19","modified_gmt":"2018-10-24T19:56:19","slug":"atividades-e-servicos","status":"publish","type":"page","link":"https:\/\/www1.unicap.br\/comblin\/sobre\/atividades-e-servicos\/","title":{"rendered":"Atividades e servi\u00e7os"},"content":{"rendered":"<p>O Centro de Pesquisa e Documenta\u00e7\u00e3o Jos\u00e9 Comblin tem como atividades e servi\u00e7os:<\/p>\n<ol>\n<li>Custodiar os documentos e o acervo bibliogr\u00e1fico de Jos\u00e9 Comblin, no que tange a: cataloga\u00e7\u00e3o, arquivamento adequado, digitaliza\u00e7\u00e3o e disponibiliza\u00e7\u00e3o para consulta de pesquisadores.<\/li>\n<li>Reunir a produ\u00e7\u00e3o acad\u00eamica proveniente dos grupos de pesquisa constantes nos programas de Teologia e Ci\u00eancias da Religi\u00e3o.<\/li>\n<li>Em conjunto com a Biblioteca Central da UNICAP, cuidar da disponibiliza\u00e7\u00e3o e circula\u00e7\u00e3o das obras do acervo Comblin j\u00e1 catalogadas, bem como dos trabalhos realizados internamente sobre e a partir de sua obra.<\/li>\n<li>Acolher pesquisadores e interessados em realizar pesquisas\u00a0<em>in loco<\/em>\u00a0na UNICAP, com disponibiliza\u00e7\u00e3o de espa\u00e7o para pesquisa e, dessa forma, fornecer a pesquisadores e interessados subs\u00eddios para que se desenvolva e se aprofunde o pensamento de Jos\u00e9 Comblin.<\/li>\n<li>Promover regularmente col\u00f3quios, simp\u00f3sios e\/ou confer\u00eancias, visando a momentos de reuni\u00e3o e partilha de conhecimento por parte de pesquisadores e estudantes de programas de p\u00f3s-gradua\u00e7\u00e3o em Teologia e Ci\u00eancias da Religi\u00e3o ou de outras \u00e1reas de saber, bem como por parte de interessados no pensamento do autor.<\/li>\n<li>Catalogar e divulgar os trabalhos sobre Comblin em andamento e conclu\u00eddos em outras institui\u00e7\u00f5es.<\/li>\n<li>Em perspectiva de\u00a0<em>extens\u00e3o,<\/em>\u00a0promover forma\u00e7\u00f5es teol\u00f3gicas destinadas aos projetos iniciados por Comblin, a exemplo das Escolas de Forma\u00e7\u00e3o Mission\u00e1ria.<\/li>\n<li>Promover interc\u00e2mbio e integra\u00e7\u00e3o entre os pesquisadores e as institui\u00e7\u00f5es que se interessem pela reflex\u00e3o de seu pensamento, principalmente.<\/li>\n<\/ol>\n<h3>Mais sobre quem somos<\/h3>\n<p>| <a href=\"https:\/\/www1.unicap.br\/comblin\/sobre\/apresentacao\/\">Apresenta\u00e7\u00e3o<\/a><br \/>\n<a href=\"https:\/\/www1.unicap.br\/comblin\/sobre\/historico\/\">| Hist\u00f3rico<\/a><br \/>\n<a href=\"https:\/\/www1.unicap.br\/comblin\/sobre\/perspectiva-academica\/\">| Perspectiva acad\u00eamica<\/a><br \/>\n<a href=\"https:\/\/www1.unicap.br\/comblin\/sobre\/equipe\/\">| Equipe<\/a><br \/>\n<a href=\"https:\/\/www1.unicap.br\/comblin\/\" target=\"_blank\" rel=\"noopener\">| P\u00e1gina Inicial<\/a><\/p>\n","protected":false},"excerpt":{"rendered":"<p>O Centro de Pesquisa e Documenta\u00e7\u00e3o Jos\u00e9 Comblin tem como atividades e servi\u00e7os: Custodiar os documentos e o acervo bibliogr\u00e1fico de Jos\u00e9 Comblin, no que tange a: cataloga\u00e7\u00e3o, arquivamento adequado, digitaliza\u00e7\u00e3o e disponibiliza\u00e7\u00e3o para consulta de pesquisadores. Reunir a produ\u00e7\u00e3o acad\u00eamica proveniente dos grupos de pesquisa constantes nos programas de Teologia e Ci\u00eancias da Religi\u00e3o.&hellip;<\/p>\n","protected":false},"author":5,"featured_media":0,"parent":327,"menu_order":0,"comment_status":"closed","ping_status":"closed","template":"","meta":{"jetpack_post_was_ever_published":false,"footnotes":""},"class_list":["post-433","page","type-page","status-publish","hentry"],"jetpack_sharing_enabled":true,"jetpack_shortlink":"https:\/\/wp.me\/P9QheL-6Z","_links":{"self":[{"href":"https:\/\/www1.unicap.br\/comblin\/wp-json\/wp\/v2\/pages\/433"}],"collection":[{"href":"https:\/\/www1.unicap.br\/comblin\/wp-json\/wp\/v2\/pages"}],"about":[{"href":"https:\/\/www1.unicap.br\/comblin\/wp-json\/wp\/v2\/types\/page"}],"author":[{"embeddable":true,"href":"https:\/\/www1.unicap.br\/comblin\/wp-json\/wp\/v2\/users\/5"}],"replies":[{"embeddable":true,"href":"https:\/\/www1.unicap.br\/comblin\/wp-json\/wp\/v2\/comments?post=433"}],"version-history":[{"count":4,"href":"https:\/\/www1.unicap.br\/comblin\/wp-json\/wp\/v2\/pages\/433\/revisions"}],"predecessor-version":[{"id":843,"href":"https:\/\/www1.unicap.br\/comblin\/wp-json\/wp\/v2\/pages\/433\/revisions\/843"}],"up":[{"embeddable":true,"href":"https:\/\/www1.unicap.br\/comblin\/wp-json\/wp\/v2\/pages\/327"}],"wp:attachment":[{"href":"https:\/\/www1.unicap.br\/comblin\/wp-json\/wp\/v2\/media?parent=433"}],"curies":[{"name":"wp","href":"https:\/\/api.w.org\/{rel}","templated":true}]}}